{"id":3632,"date":"2022-06-15T22:20:55","date_gmt":"2022-06-15T20:20:55","guid":{"rendered":"https:\/\/chartreux.org\/moniales\/?page_id=3632"},"modified":"2026-01-20T22:38:45","modified_gmt":"2026-01-20T21:38:45","slug":"der-orden-von-chartreux","status":"publish","type":"page","link":"https:\/\/chartreux.org\/moniales\/de\/","title":{"rendered":"DER  KART\u00c4USERORDEN"},"content":{"rendered":"\n<div style=\"height:36px\" aria-hidden=\"true\" class=\"wp-block-spacer\"><\/div>\n\n\n\n<p>Zum Lob der Herrlichkeit Gottes hat Christus, das Wort des Vaters, durch den Heiligen Geist von Anfang an Menschen auserw\u00e4hlt, um sie in die Einsamkeit zu f\u00fchren und in inniger Liebe mit sich zu vereinigen. Diesem Ruf folgte der Magister Bruno, als er im Jahre des Herrn 1084 mit sechs Gef\u00e4hrten die Ein\u00f6de von La Chartreuse betrat und sich dort ansiedelte. An diesem Platz verharrten sie und ihre Nachfolger unter der Leitung des Heiligen Geistes und bildeten, durch die Erfahrung belehrt, nach und nach eine besondere Form des Einsiedlerlebens heraus, die ungeschrieben, nur durch das Beispiel, den kommenden Geschlechtern \u00fcberliefert wurde.<\/p>\n\n\n\n<p>Erst auf wiederholtes Dr\u00e4ngen anderer zur Nachahmung der Kartause gegr\u00fcndeter Einsiedeleien schrieb Guigo, f\u00fcnfter Prior der Kartause, einen Bericht \u00fcber unsere Lebensordnung. Diese Lebensweise wurde von allen zur Befolgung und Nachahmung als Regel ihres kl\u00f6sterlichen Wandels und Liebesband der entstehenden Familie \u00fcbernommen.<\/p>\n\n\n\n<p>Um 1145 beschlossen die Nonnen von Pr\u00e9bayon in der Provence, die Lebensregel der Kart\u00e4userm\u00f6nche zu \u00fcbernehmen. Dies war der Ursprung unseres Ordens.<\/p>\n\n\n\n<div class=\"wp-block-columns is-layout-flex wp-container-core-columns-is-layout-9d6595d7 wp-block-columns-is-layout-flex\">\n<div class=\"wp-block-column is-layout-flow wp-block-column-is-layout-flow\">\n<figure class=\"wp-block-image size-large\"><img loading=\"lazy\" decoding=\"async\" width=\"1024\" height=\"576\" src=\"https:\/\/chartreux.org\/moniales\/wp-content\/uploads\/2020\/10\/4-1024x576.jpg\" alt=\"\" class=\"wp-image-1953\" srcset=\"https:\/\/chartreux.org\/moniales\/wp-content\/uploads\/2020\/10\/4-1024x576.jpg 1024w, https:\/\/chartreux.org\/moniales\/wp-content\/uploads\/2020\/10\/4-300x169.jpg 300w, https:\/\/chartreux.org\/moniales\/wp-content\/uploads\/2020\/10\/4-768x432.jpg 768w, https:\/\/chartreux.org\/moniales\/wp-content\/uploads\/2020\/10\/4-1536x864.jpg 1536w, https:\/\/chartreux.org\/moniales\/wp-content\/uploads\/2020\/10\/4.jpg 1920w\" sizes=\"auto, (max-width: 1024px) 100vw, 1024px\" \/><\/figure>\n\n\n\n<p><\/p>\n<\/div>\n\n\n\n<div class=\"wp-block-column is-layout-flow wp-block-column-is-layout-flow\">\n<figure class=\"wp-block-image size-large\"><img loading=\"lazy\" decoding=\"async\" width=\"1024\" height=\"576\" src=\"https:\/\/chartreux.org\/moniales\/wp-content\/uploads\/2020\/10\/EXPO-22-1024x576.jpg\" alt=\"\" class=\"wp-image-1954\" srcset=\"https:\/\/chartreux.org\/moniales\/wp-content\/uploads\/2020\/10\/EXPO-22-1024x576.jpg 1024w, https:\/\/chartreux.org\/moniales\/wp-content\/uploads\/2020\/10\/EXPO-22-300x169.jpg 300w, https:\/\/chartreux.org\/moniales\/wp-content\/uploads\/2020\/10\/EXPO-22-768x432.jpg 768w, https:\/\/chartreux.org\/moniales\/wp-content\/uploads\/2020\/10\/EXPO-22-1536x864.jpg 1536w, https:\/\/chartreux.org\/moniales\/wp-content\/uploads\/2020\/10\/EXPO-22-2048x1152.jpg 2048w\" sizes=\"auto, (max-width: 1024px) 100vw, 1024px\" \/><\/figure>\n<\/div>\n<\/div>\n\n\n\n<p>Die Kart\u00e4user-Nonnen, die auch Kart\u00e4userinnen genannt werden, sind seit fast neun Jahrhunderten der weibliche Zweig des Kart\u00e4userordens. Sie haben heute zwei H\u00e4user in Frankreich, eines in Italien, eines in S\u00fcdkorea und eines in Spanien, das derzeit einem franz\u00f6sischen Haus angegliedert ist. Eine Gr\u00fcndung in Lateinamerika k\u00f6nnte in einer noch recht fernen Zukunft ins Auge gefasst werden.<\/p>\n\n\n\n<p>Die ganze Sch\u00f6nheit einer Braut des himmlischen K\u00f6nigs liegt in ihrem Inneren. Es ist nicht leicht, das Wesentliche des kontemplativen Lebens einer Kart\u00e4userin zu vermitteln, ein Leben der Suche nach Gott in Einsamkeit und Stille. Dennoch k\u00f6nnen die folgenden Texte die tieferen Absichten erhellen und die Bilder etwas von diesem Geheimnis erahnen lassen.<\/p>\n\n\n\n<iframe loading=\"lazy\" src=\"https:\/\/player.vimeo.com\/video\/660457887?h=be14a8f743\" name=\"moniFR\"allow=\"autoplay; fullscreen; picture-in-picture\" allowfullscreen=\"\" width=\"640\" height=\"360\" frameborder=\"0\"><\/iframe>\n\n\n\n<div class=\"flag\">\n<a href=\"https:\/\/player.vimeo.com\/video\/1075790863\" width=\"640\" height=\"360\" frameborder=\"0\" allowfullscreen=\"allowfullscreen\" \"=\"\" target=\"moniFR\"><img decoding=\"async\" src=\"https:\/\/chartreux.org\/moniales\/wp-content\/uploads\/2024\/02\/brazil-32x32-32937.png\" alt=\"Portuguese\"><\/a>\n<a href=\"https:\/\/player.vimeo.com\/video\/924363104\" width=\"640\" height=\"360\" frameborder=\"0\" allowfullscreen=\"allowfullscreen\" \"=\"\" target=\"moniFR\"><img decoding=\"async\" src=\"https:\/\/chartreux.org\/moines\/wp-content\/uploads\/2021\/05\/spain-32x32-33105.png\" alt=\"Espagnol\"><\/a>\n<a href=\"https:\/\/player.vimeo.com\/video\/1156626648\" width=\"640\" height=\"360\" frameborder=\"0\" allowfullscreen=\"allowfullscreen\" \"=\"\" target=\"moniFR\"><img decoding=\"async\" src=\"https:\/\/chartreux.org\/moniales\/wp-content\/uploads\/2026\/01\/croatia-32x32-32995.png\" alt=\"Croate\"><\/a>\n<\/div>\n\n\n\n<div style=\"height:16px\" aria-hidden=\"true\" class=\"wp-block-spacer\"><\/div>\n\n\n\n<p>Film <strong>\u00ab Les Moniales Chartreuses \u00bb<\/strong>, 22 Min.<\/p>\n\n\n\n<div style=\"height:17px\" aria-hidden=\"true\" class=\"wp-block-spacer\"><\/div>\n\n\n\n<iframe loading=\"lazy\" src=\"https:\/\/player.vimeo.com\/video\/244650113\" name=\"mFR\" allow=\"autoplay; fullscreen; picture-in-picture\" width=\"640\" height=\"480\" frameborder=\"0\"><\/iframe>\n\n\n\n<div class=\"flag\">\n<a href=\"https:\/\/player.vimeo.com\/video\/302484598\" width=\"640\" height=\"360\" frameborder=\"0\" allowfullscreen=\"allowfullscreen\" \"=\"\" target=\"mFR\"><img decoding=\"async\" src=\"https:\/\/chartreux.org\/moniales\/wp-content\/uploads\/2022\/02\/united-32x32-33115.png\" alt=\"Anglais\"><\/a>\n<a href=\"https:\/\/player.vimeo.com\/video\/294910547\" width=\"640\" height=\"360\" frameborder=\"0\" allowfullscreen=\"allowfullscreen\" \"=\"\" target=\"mFR\"><img decoding=\"async\" src=\"https:\/\/chartreux.org\/moniales\/wp-content\/uploads\/2022\/02\/italy-32x32-32999.png\" alt=\"Italien\"><\/a>\n<a href=\"https:\/\/player.vimeo.com\/video\/298219486\" width=\"640\" height=\"360\" frameborder=\"0\" allowfullscreen=\"allowfullscreen\" \"=\"\" target=\"mFR\"><img decoding=\"async\" src=\"https:\/\/chartreux.org\/moniales\/wp-content\/uploads\/2022\/02\/spain-32x32-33105.png\" alt=\"Espagnol\"><\/a>\n<a href=\"https:\/\/player.vimeo.com\/video\/302484598\" width=\"640\" height=\"360\" frameborder=\"0\" allowfullscreen=\"allowfullscreen\" \"=\"\" target=\"mFR\"><img decoding=\"async\" src=\"https:\/\/chartreux.org\/moniales\/wp-content\/uploads\/2022\/02\/south-32x32-33086.png\" alt=\"Corean\"><\/a>\n<\/div>\n\n\n\n<div style=\"height:18px\" aria-hidden=\"true\" class=\"wp-block-spacer\"><\/div>\n\n\n\n<p>DVD  <strong>\u00ab <\/strong> <strong>Une vie en Chartreuse: de la nuit du monde \u00e0 la Nuit Pascale<\/strong> <strong> \u00bb<\/strong><\/p>\n","protected":false},"excerpt":{"rendered":"<p>Zum Lob der Herrlichkeit Gottes hat Christus, das Wort des Vaters, durch den Heiligen Geist von [&hellip;]<\/p>\n","protected":false},"author":1,"featured_media":0,"parent":0,"menu_order":0,"comment_status":"closed","ping_status":"closed","template":"template-MonialesFadeIn.php","meta":{"footnotes":""},"class_list":["post-3632","page","type-page","status-publish","hentry"],"_links":{"self":[{"href":"https:\/\/chartreux.org\/moniales\/wp-json\/wp\/v2\/pages\/3632","targetHints":{"allow":["GET"]}}],"collection":[{"href":"https:\/\/chartreux.org\/moniales\/wp-json\/wp\/v2\/pages"}],"about":[{"href":"https:\/\/chartreux.org\/moniales\/wp-json\/wp\/v2\/types\/page"}],"author":[{"embeddable":true,"href":"https:\/\/chartreux.org\/moniales\/wp-json\/wp\/v2\/users\/1"}],"replies":[{"embeddable":true,"href":"https:\/\/chartreux.org\/moniales\/wp-json\/wp\/v2\/comments?post=3632"}],"version-history":[{"count":11,"href":"https:\/\/chartreux.org\/moniales\/wp-json\/wp\/v2\/pages\/3632\/revisions"}],"predecessor-version":[{"id":4205,"href":"https:\/\/chartreux.org\/moniales\/wp-json\/wp\/v2\/pages\/3632\/revisions\/4205"}],"wp:attachment":[{"href":"https:\/\/chartreux.org\/moniales\/wp-json\/wp\/v2\/media?parent=3632"}],"curies":[{"name":"wp","href":"https:\/\/api.w.org\/{rel}","templated":true}]}}