{"id":3011,"date":"2021-08-27T21:04:48","date_gmt":"2021-08-27T19:04:48","guid":{"rendered":"https:\/\/chartreux.org\/moniales\/?page_id=3011"},"modified":"2024-06-27T22:13:52","modified_gmt":"2024-06-27T20:13:52","slug":"liturgia","status":"publish","type":"page","link":"https:\/\/chartreux.org\/moniales\/it\/liturgia\/","title":{"rendered":"Liturgia"},"content":{"rendered":"\n<div style=\"height:20px\" aria-hidden=\"true\" id=\"top\" class=\"wp-block-spacer\"><\/div>\n\n\n<div class=\"wp-block-image\">\n<figure class=\"alignright size-large\"><img loading=\"lazy\" decoding=\"async\" width=\"400\" height=\"267\" src=\"https:\/\/chartreux.org\/moniales\/wp-content\/uploads\/2020\/09\/reillanneADF021.jpg\" alt=\"\" class=\"wp-image-908\" srcset=\"https:\/\/chartreux.org\/moniales\/wp-content\/uploads\/2020\/09\/reillanneADF021.jpg 400w, https:\/\/chartreux.org\/moniales\/wp-content\/uploads\/2020\/09\/reillanneADF021-300x200.jpg 300w\" sizes=\"auto, (max-width: 400px) 100vw, 400px\" \/><\/figure>\n<\/div>\n\n\n<p>La liturgia \u00e8 la parte pi\u00f9 nobile della vita d\u2019una comunit\u00e0 di monache certosine, piccola \u201cchiesa certosina\u201d, che affonda le radici nella celebrazione quotidiana dell&rsquo;Eucaristia. Ecco il culmine della nostra vita, verso il quale convergono tutti gli altri aspetti della nostra osservanza, che tutti ci conducono al Padre in e per Cristo e stabiliscono tra noi la pi\u00f9 intima comunione.<\/p>\n\n\n\n<p>L&rsquo;Ufficio divino ne \u00e8 il prolungamento. In tutta la Liturgia \u00e8 Cristo che prega tramite noi come nostro Sacerdote. Le nostre voci sono la sua propria voce che ci associa con tutta la Chiesa, sua Sposa, all&rsquo;inno di lode che rivolge al Padre. \u00c8 in nome di tutti che, giorno e notte, stiamo alla presenza del Dio vivente.<\/p>\n\n\n<div class=\"wp-block-image\">\n<figure class=\"alignleft size-large is-resized\"><img loading=\"lazy\" decoding=\"async\" width=\"500\" height=\"333\" src=\"https:\/\/chartreux.org\/moniales\/wp-content\/uploads\/2020\/09\/moniales_chartreuses_la_croix_ADF3.jpg\" alt=\"\" class=\"wp-image-906\" style=\"width:424px;height:282px\" srcset=\"https:\/\/chartreux.org\/moniales\/wp-content\/uploads\/2020\/09\/moniales_chartreuses_la_croix_ADF3.jpg 500w, https:\/\/chartreux.org\/moniales\/wp-content\/uploads\/2020\/09\/moniales_chartreuses_la_croix_ADF3-300x200.jpg 300w\" sizes=\"auto, (max-width: 500px) 100vw, 500px\" \/><\/figure>\n<\/div>\n\n\n<p>L&rsquo;intera vita delle monache certosine \u00e8 scandita dalla celebrazione quotidiana della liturgia. Ad immagine della nostra vocazione, insieme solitaria e comunitaria, la nostra Liturgia si ripartisce tra gli Uffici in chiesa e quelli celebrati nel segreto della cella.<\/p>\n\n\n\n<p>In chiesa, nel silenzio della notte, celebriamo l&rsquo;ufficio di Mattutino e delle Lodi, che dura quasi 2 ore, e l&rsquo;ufficio dei Vespri che ci introduce alla solitudine della sera nella cella. Questi uffici sono cantati secondo antiche melodie gregoriane che hanno un ruolo importante. Fin dall&rsquo;inizio del nostro Ordine, i Certosini hanno trovato in questo canto un&rsquo;ispirazione che favorisce l&rsquo;interiorit\u00e0.<\/p>\n\n\n<div class=\"wp-block-image\">\n<figure class=\"alignright size-large is-resized\"><img loading=\"lazy\" decoding=\"async\" width=\"681\" height=\"1024\" src=\"https:\/\/chartreux.org\/moniales\/wp-content\/uploads\/2020\/10\/a-IMG_0471rec-681x1024.jpg\" alt=\"\" class=\"wp-image-2004\" style=\"width:290px;height:436px\" srcset=\"https:\/\/chartreux.org\/moniales\/wp-content\/uploads\/2020\/10\/a-IMG_0471rec-681x1024.jpg 681w, https:\/\/chartreux.org\/moniales\/wp-content\/uploads\/2020\/10\/a-IMG_0471rec-200x300.jpg 200w, https:\/\/chartreux.org\/moniales\/wp-content\/uploads\/2020\/10\/a-IMG_0471rec.jpg 710w\" sizes=\"auto, (max-width: 681px) 100vw, 681px\" \/><\/figure>\n<\/div>\n\n\n<p>Celebriamo nella solitudine della cella, e nello stesso momento, le altre Ore canoniche dell&rsquo;Ufficio o \u201cOre minori\u201d (Terza, Sesta, Nona). Ogni ufficio \u00e8 preceduto da quello della Beata Vergine Maria, detto ufficio \u201cde Beata\u201d. Consapevoli delle nostre debolezze, ricorriamo alla materna protezione di Maria, che ci prepara alla preghiera e le offriamo le primizie della nostra lode.<\/p>\n\n\n\n<p>Quando cantiamo e salmodiamo, siamo in stretta comunione con i nostri fratelli certosini che celebrano la stessa liturgia, e con loro vogliamo essere quegli adoratori in spirito e verit\u00e0 che il Padre cerca.<\/p>\n\n\n\n<p>Tutta la nostra vita tende a trasformarsi in una liturgia ininterrotta. Questo diventa pi\u00f9 esplicito quando offriamo la preghiera comunitaria e la preghiera in solitudine. La monaca diventa cos\u00ec segno della Chiesa che loda e canta al suo Signore, che intercede e supplica per i fratelli e sorelle in umanit\u00e0; che perdona e spera; che contempla e ama; che attende la venuta dello Sposo.<\/p>\n\n\n<div class=\"wp-block-image\">\n<figure class=\"aligncenter size-large\"><img loading=\"lazy\" decoding=\"async\" width=\"500\" height=\"333\" src=\"https:\/\/chartreux.org\/moniales\/wp-content\/uploads\/2020\/09\/moniales_chartreuses_la_croix_ADF12.jpg\" alt=\"\" class=\"wp-image-909\" srcset=\"https:\/\/chartreux.org\/moniales\/wp-content\/uploads\/2020\/09\/moniales_chartreuses_la_croix_ADF12.jpg 500w, https:\/\/chartreux.org\/moniales\/wp-content\/uploads\/2020\/09\/moniales_chartreuses_la_croix_ADF12-300x200.jpg 300w\" sizes=\"auto, (max-width: 500px) 100vw, 500px\" \/><\/figure>\n<\/div>\n\n\n<p class=\"has-text-align-center\">*<\/p>\n\n\n\n<h3 class=\"wp-block-heading\"><strong>Ascolto<\/strong><\/h3>\n\n\n\n<p>Le monache certosine celebrano gli uffici e la santa Messa con i medesimi libri liturgici dei monaci. La salmodia \u00e8 cantata o in latino o in lingua moderna secondo le case, ma le melodie della Messa e degli antifonari diurni e notturni sono l&rsquo;antica tradizione gregoriana delle origini dell&rsquo;Ordine. Cantate da voci femminili, assumono un colore particolare e una leggerezza caratteristica.<\/p>\n\n\n\n<figure class=\"wp-block-audio\"><audio controls src=\"https:\/\/chartreux.org\/moniales\/wp-content\/uploads\/2024\/06\/chant-moniales-GC.mp3\"><\/audio><\/figure>\n\n\n\n<p><a href=\"#top\" class=\"returnToTop\"> Torna all&rsquo;inizio! \u2191 <\/a><\/p>\n","protected":false},"excerpt":{"rendered":"<p>La liturgia \u00e8 la parte pi\u00f9 nobile della vita d\u2019una comunit\u00e0 di monache certosine, piccola \u201cchiesa [&hellip;]<\/p>\n","protected":false},"author":1,"featured_media":0,"parent":0,"menu_order":0,"comment_status":"closed","ping_status":"closed","template":"template-full-width.php","meta":{"footnotes":""},"class_list":["post-3011","page","type-page","status-publish","hentry"],"_links":{"self":[{"href":"https:\/\/chartreux.org\/moniales\/wp-json\/wp\/v2\/pages\/3011","targetHints":{"allow":["GET"]}}],"collection":[{"href":"https:\/\/chartreux.org\/moniales\/wp-json\/wp\/v2\/pages"}],"about":[{"href":"https:\/\/chartreux.org\/moniales\/wp-json\/wp\/v2\/types\/page"}],"author":[{"embeddable":true,"href":"https:\/\/chartreux.org\/moniales\/wp-json\/wp\/v2\/users\/1"}],"replies":[{"embeddable":true,"href":"https:\/\/chartreux.org\/moniales\/wp-json\/wp\/v2\/comments?post=3011"}],"version-history":[{"count":3,"href":"https:\/\/chartreux.org\/moniales\/wp-json\/wp\/v2\/pages\/3011\/revisions"}],"predecessor-version":[{"id":4090,"href":"https:\/\/chartreux.org\/moniales\/wp-json\/wp\/v2\/pages\/3011\/revisions\/4090"}],"wp:attachment":[{"href":"https:\/\/chartreux.org\/moniales\/wp-json\/wp\/v2\/media?parent=3011"}],"curies":[{"name":"wp","href":"https:\/\/api.w.org\/{rel}","templated":true}]}}

<div style="height:20px" aria-hidden="true" id="top" class="wp-block-spacer"></div>


<div class="wp-block-image">
<figure class="alignright size-large"><img loading="lazy" decoding="async" width="400" height="267" src="https://chartreux.org/moniales/wp-content/uploads/2020/09/reillanneADF021.jpg" alt="" class="wp-image-908" srcset="https://chartreux.org/moniales/wp-content/uploads/2020/09/reillanneADF021.jpg 400w, https://chartreux.org/moniales/wp-content/uploads/2020/09/reillanneADF021-300x200.jpg 300w" sizes="auto, (max-width: 400px) 100vw, 400px" /></figure>
</div>


<p>La liturgia è la parte più nobile della vita d’una comunità di monache certosine, piccola “chiesa certosina”, che affonda le radici nella celebrazione quotidiana dell&rsquo;Eucaristia. Ecco il culmine della nostra vita, verso il quale convergono tutti gli altri aspetti della nostra osservanza, che tutti ci conducono al Padre in e per Cristo e stabiliscono tra noi la più intima comunione.</p>



<p>L&rsquo;Ufficio divino ne è il prolungamento. In tutta la Liturgia è Cristo che prega tramite noi come nostro Sacerdote. Le nostre voci sono la sua propria voce che ci associa con tutta la Chiesa, sua Sposa, all&rsquo;inno di lode che rivolge al Padre. È in nome di tutti che, giorno e notte, stiamo alla presenza del Dio vivente.</p>


<div class="wp-block-image">
<figure class="alignleft size-large is-resized"><img loading="lazy" decoding="async" width="500" height="333" src="https://chartreux.org/moniales/wp-content/uploads/2020/09/moniales_chartreuses_la_croix_ADF3.jpg" alt="" class="wp-image-906" style="width:424px;height:282px" srcset="https://chartreux.org/moniales/wp-content/uploads/2020/09/moniales_chartreuses_la_croix_ADF3.jpg 500w, https://chartreux.org/moniales/wp-content/uploads/2020/09/moniales_chartreuses_la_croix_ADF3-300x200.jpg 300w" sizes="auto, (max-width: 500px) 100vw, 500px" /></figure>
</div>


<p>L&rsquo;intera vita delle monache certosine è scandita dalla celebrazione quotidiana della liturgia. Ad immagine della nostra vocazione, insieme solitaria e comunitaria, la nostra Liturgia si ripartisce tra gli Uffici in chiesa e quelli celebrati nel segreto della cella.</p>



<p>In chiesa, nel silenzio della notte, celebriamo l&rsquo;ufficio di Mattutino e delle Lodi, che dura quasi 2 ore, e l&rsquo;ufficio dei Vespri che ci introduce alla solitudine della sera nella cella. Questi uffici sono cantati secondo antiche melodie gregoriane che hanno un ruolo importante. Fin dall&rsquo;inizio del nostro Ordine, i Certosini hanno trovato in questo canto un&rsquo;ispirazione che favorisce l&rsquo;interiorità.</p>


<div class="wp-block-image">
<figure class="alignright size-large is-resized"><img loading="lazy" decoding="async" width="681" height="1024" src="https://chartreux.org/moniales/wp-content/uploads/2020/10/a-IMG_0471rec-681x1024.jpg" alt="" class="wp-image-2004" style="width:290px;height:436px" srcset="https://chartreux.org/moniales/wp-content/uploads/2020/10/a-IMG_0471rec-681x1024.jpg 681w, https://chartreux.org/moniales/wp-content/uploads/2020/10/a-IMG_0471rec-200x300.jpg 200w, https://chartreux.org/moniales/wp-content/uploads/2020/10/a-IMG_0471rec.jpg 710w" sizes="auto, (max-width: 681px) 100vw, 681px" /></figure>
</div>


<p>Celebriamo nella solitudine della cella, e nello stesso momento, le altre Ore canoniche dell&rsquo;Ufficio o “Ore minori” (Terza, Sesta, Nona). Ogni ufficio è preceduto da quello della Beata Vergine Maria, detto ufficio “de Beata”. Consapevoli delle nostre debolezze, ricorriamo alla materna protezione di Maria, che ci prepara alla preghiera e le offriamo le primizie della nostra lode.</p>



<p>Quando cantiamo e salmodiamo, siamo in stretta comunione con i nostri fratelli certosini che celebrano la stessa liturgia, e con loro vogliamo essere quegli adoratori in spirito e verità che il Padre cerca.</p>



<p>Tutta la nostra vita tende a trasformarsi in una liturgia ininterrotta. Questo diventa più esplicito quando offriamo la preghiera comunitaria e la preghiera in solitudine. La monaca diventa così segno della Chiesa che loda e canta al suo Signore, che intercede e supplica per i fratelli e sorelle in umanità; che perdona e spera; che contempla e ama; che attende la venuta dello Sposo.</p>


<div class="wp-block-image">
<figure class="aligncenter size-large"><img loading="lazy" decoding="async" width="500" height="333" src="https://chartreux.org/moniales/wp-content/uploads/2020/09/moniales_chartreuses_la_croix_ADF12.jpg" alt="" class="wp-image-909" srcset="https://chartreux.org/moniales/wp-content/uploads/2020/09/moniales_chartreuses_la_croix_ADF12.jpg 500w, https://chartreux.org/moniales/wp-content/uploads/2020/09/moniales_chartreuses_la_croix_ADF12-300x200.jpg 300w" sizes="auto, (max-width: 500px) 100vw, 500px" /></figure>
</div>


<p class="has-text-align-center">*</p>



<h3 class="wp-block-heading"><strong>Ascolto</strong></h3>



<p>Le monache certosine celebrano gli uffici e la santa Messa con i medesimi libri liturgici dei monaci. La salmodia è cantata o in latino o in lingua moderna secondo le case, ma le melodie della Messa e degli antifonari diurni e notturni sono l&rsquo;antica tradizione gregoriana delle origini dell&rsquo;Ordine. Cantate da voci femminili, assumono un colore particolare e una leggerezza caratteristica.</p>



<figure class="wp-block-audio"><audio controls src="https://chartreux.org/moniales/wp-content/uploads/2024/06/chant-moniales-GC.mp3"></audio></figure>



<p><a href="#top" class="returnToTop"> Torna all&rsquo;inizio! ↑ </a></p>

<p>La liturgia è la parte più nobile della vita d’una comunità di monache certosine, piccola “chiesa [&hellip;]</p>
