{"id":1802,"date":"2022-06-15T22:24:02","date_gmt":"2022-06-15T20:24:02","guid":{"rendered":"https:\/\/chartreux.org\/moniales\/?page_id=1802"},"modified":"2022-01-03T20:49:05","modified_gmt":"2022-01-03T19:49:05","slug":"san-bruno","status":"publish","type":"page","link":"https:\/\/chartreux.org\/moniales\/es\/san-bruno\/","title":{"rendered":"San Bruno"},"content":{"rendered":"\n<div class=\"wp-block-columns is-layout-flex wp-container-core-columns-is-layout-9d6595d7 wp-block-columns-is-layout-flex\">\n<div class=\"wp-block-column is-layout-flow wp-block-column-is-layout-flow\" style=\"flex-basis:40%\">\n<p><\/p>\n<div id=\"toc_container\">\n<ul class=\"toc_list\">\n  <li><a href=\"#bruno_cologne\">1. Colonia y Reims<\/a><\/li>\n  <li><a href=\"#bruno_chartreuse\">2. Cartuja<\/a><\/li>\n  <li><a href=\"#vie_en_chartreuse\">3. La vida en Cartuja<\/a><\/li>\n  <li><a href=\"#bruno_rome\">4. Roma<\/a><\/li>\n  <li><a href=\"#bruno_calabre\">5. Calabria<\/a><\/li>\n  <li><a href=\"#bruno_mort\">6. Muerte y glorificaci\u00f3n<\/a><\/li>\n<\/ul>\n<\/div>\n<\/div>\n\n\n\n<div class=\"wp-block-column is-layout-flow wp-block-column-is-layout-flow\" style=\"flex-basis:50%\">\n<div class=\"wp-block-image\"><figure class=\"aligncenter size-large is-resized\"><img loading=\"lazy\" decoding=\"async\" src=\"https:\/\/chartreux.org\/moniales\/wp-content\/uploads\/2020\/10\/Houdon-corrigee.jpg\" alt=\"\" class=\"wp-image-1740\" width=\"302\" height=\"454\" srcset=\"https:\/\/chartreux.org\/moniales\/wp-content\/uploads\/2020\/10\/Houdon-corrigee.jpg 533w, https:\/\/chartreux.org\/moniales\/wp-content\/uploads\/2020\/10\/Houdon-corrigee-200x300.jpg 200w\" sizes=\"auto, (max-width: 302px) 100vw, 302px\" \/><figcaption>San Bruno, por Jean-Antoine Houdon (1766)<\/figcaption><\/figure><\/div>\n<\/div>\n<\/div>\n\n\n\n<h2 class=\"wp-block-heading\" id=\"bruno_cologne\">Colonia y Reims<\/h2>\n\n\n\n<p id=\"_2\">Maestro Bruno era alem\u00e1n <span id='easy-footnote-1-1802' class='easy-footnote-margin-adjust'><\/span><span class='easy-footnote'><a href='https:\/\/chartreux.org\/moniales\/es\/san-bruno\/#easy-footnote-bottom-1-1802' title='Cr\u00f3nica Magister.'><sup>1<\/sup><\/a><\/span>. Naci\u00f3 hacia 1030, en la ilustre ciudad de Colonia, en el seno de una familia de padres de buena reputaci\u00f3n <span id='easy-footnote-2-1802' class='easy-footnote-margin-adjust'><\/span><span class='easy-footnote'><a href='https:\/\/chartreux.org\/moniales\/es\/san-bruno\/#easy-footnote-bottom-2-1802' title='Idem.'><sup>2<\/sup><\/a><\/span>. Joven a\u00fan, fue nombrado can\u00f3nigo de la iglesia de San Cuniberto. Muy pronto se traslad\u00f3 a Reims para estudiar en la c\u00e9lebre escuela catedralicia, otrora ilustrada por el erudito Gerbert d\u2019Aurillac (futuro papa Silvestre II). All\u00ed recibi\u00f3 una s\u00f3lida formaci\u00f3n tanto en las letras seculares como en la literatura sacra <span id='easy-footnote-3-1802' class='easy-footnote-margin-adjust'><\/span><span class='easy-footnote'><a href='https:\/\/chartreux.org\/moniales\/es\/san-bruno\/#easy-footnote-bottom-3-1802' title='Idem.'><sup>3<\/sup><\/a><\/span>.<\/p>\n\n\n\n<p>Bruno se convirti\u00f3 en can\u00f3nigo de la catedral de Reims, situada en primer lugar entre las Iglesias de la Galia <span id='easy-footnote-4-1802' class='easy-footnote-margin-adjust'><\/span><span class='easy-footnote'><a href='https:\/\/chartreux.org\/moniales\/es\/san-bruno\/#easy-footnote-bottom-4-1802' title='Idem.'><sup>4<\/sup><\/a><\/span>. En 1056 fue nombrado rector de estudios de su escuela, una de las m\u00e1s prestigiosas de su tiempo. Dirigi\u00f3 all\u00ed la ense\u00f1anza durante m\u00e1s de veinte a\u00f1os, destac\u00e1ndose por su cultura, sus cualidades pedag\u00f3gicas y el afecto que prodigaba a sus alumnos.<\/p>\n\n\n\n<p>En 1069 fue elegido un arzobispo indigno, que hab\u00eda comprado conciencias, Manas\u00e9s de Gournay. Este mostraba una avidez insaciable por los bienes temporales, principalmente por aquellos sobre los que no ten\u00eda derecho alguno. Comenz\u00f3 entonces entre algunos can\u00f3nigos \u00edntegros -entre ellos Bruno- y Manas\u00e9s una larga disputa. Gregorio VII puso fin a este desorden en diciembre de 1080 y depuso al arzobispo, dando la orden de expulsarlo y de elegir a otro en su lugar.<\/p>\n\n\n\n<p>Bruno, maestro honesto de la Iglesia de Reims, <span id='easy-footnote-5-1802' class='easy-footnote-margin-adjust'><\/span><span class='easy-footnote'><a href='https:\/\/chartreux.org\/moniales\/es\/san-bruno\/#easy-footnote-bottom-5-1802' title='Hugo de Die, Epistola Hugonis Diensis ad papam, PL 148, 745.'><sup>5<\/sup><\/a><\/span> era uno de los candidatos m\u00e1s prominentes; \u00e9l, que hab\u00eda sido juzgado digno de sufrir persecuci\u00f3n por el Nombre de Jes\u00fas <span id='easy-footnote-6-1802' class='easy-footnote-margin-adjust'><\/span><span class='easy-footnote'><a href='https:\/\/chartreux.org\/moniales\/es\/san-bruno\/#easy-footnote-bottom-6-1802' title='Idem.'><sup>6<\/sup><\/a><\/span>. Pero le hab\u00eda llegado la hora de responder a un llamado m\u00e1s alto y de dejar el mundo.<\/p>\n\n\n\n<h2 class=\"wp-block-heading\" id=\"bruno_chartreuse\">Cartuja<\/h2>\n\n\n\n<p>Bruno abandon\u00f3 entonces todos sus bienes, los honores vinculados a su cargo, los falsos encantos y las riquezas ef\u00edmeras de este mundo. Ardiendo en amor divino <span id='easy-footnote-7-1802' class='easy-footnote-margin-adjust'><\/span><span class='easy-footnote'><a href='https:\/\/chartreux.org\/moniales\/es\/san-bruno\/#easy-footnote-bottom-7-1802' title='San Bruno, Carta a Ra\u00fal el Verde, \u00a7 13.'><sup>7<\/sup><\/a><\/span>, dej\u00f3 las sombras fugitivas del siglo para dedicarse a la b\u00fasqueda de los bienes eternos y recibir el h\u00e1bito mon\u00e1stico <span id='easy-footnote-8-1802' class='easy-footnote-margin-adjust'><\/span><span class='easy-footnote'><a href='https:\/\/chartreux.org\/moniales\/es\/san-bruno\/#easy-footnote-bottom-8-1802' title='Idem.'><sup>8<\/sup><\/a><\/span>.<\/p>\n\n\n\n<p>En junio de 1084, Bruno, muy c\u00e9lebre por su piedad y su cultura, imagen ideal de la nobleza de alma, de seriedad y de gran perfecci\u00f3n, se presenta ante el joven obispo de Grenoble Hugo.<\/p>\n\n\n\n<p>Tra\u00eda como compa\u00f1eros a maestro Landuino, que despu\u00e9s de \u00e9l fue prior de Cartuja; a los dos Esteban, el de Bourg y el de Die -hab\u00edan sido can\u00f3nigos de San Rufo pero deseando la vida solitaria, y con la autorizaci\u00f3n de su abad, se hab\u00edan unido a Bruno-; a Hugo, a quien llamaban el capell\u00e1n, pues era el \u00fanico entre ellos que ejerc\u00eda las funciones sacerdotales; y a dos laicos, a los que llamamos conversos, Andr\u00e9s y Guer\u00edn. Buscaban un entorno apropiado para la vida erem\u00edtica, el cual no hab\u00edan a\u00fan hallado.<\/p>\n\n\n\n<p>Llegaron movidos por esta esperanza y atra\u00eddos por el dulce perfume de la santa existencia del obispo. \u00c9ste los recibi\u00f3 con alegr\u00eda e incluso con respeto, habl\u00f3 con ellos y cumpli\u00f3 sus deseos. Siguiendo sus consejos, con su ayuda y en su compa\u00f1\u00eda, fueron al desierto de Cartuja y construyeron all\u00ed un monasterio.<\/p>\n\n\n\n<p>Hacia aquella \u00e9poca, Hugo hab\u00eda visto en sue\u00f1os a Dios construir una morada para su gloria en el desierto; tambi\u00e9n hab\u00eda visto siete estrellas que le mostraban el camino. Y, puesto que eran siete, abraz\u00f3 de buen grado el proyecto <span id='easy-footnote-9-1802' class='easy-footnote-margin-adjust'><\/span><span class='easy-footnote'><a href='https:\/\/chartreux.org\/moniales\/es\/san-bruno\/#easy-footnote-bottom-9-1802' title='Guigo I, Vida de san Hugo, \u00a7 16.'><sup>9<\/sup><\/a><\/span>.<\/p>\n\n\n\n<h2 class=\"wp-block-heading\" id=\"vie_en_chartreuse\">La vida en Cartuja<\/h2>\n\n\n\n<p>En su infinita bondad, que nunca cesa de proveer a las necesidades e intereses de su Iglesia, Dios <span id='easy-footnote-10-1802' class='easy-footnote-margin-adjust'><\/span><span class='easy-footnote'><a href='https:\/\/chartreux.org\/moniales\/es\/san-bruno\/#easy-footnote-bottom-10-1802' title='S.S. P\u00edo XI, Constituci\u00f3n Apost\u00f3lica Umbratilem.'><sup>10<\/sup><\/a><\/span> hab\u00eda, pues, elegido a Bruno, hombre de eminente santidad, para devolver a la vida contemplativa el resplandor de su pureza original <span id='easy-footnote-11-1802' class='easy-footnote-margin-adjust'><\/span><span class='easy-footnote'><a href='https:\/\/chartreux.org\/moniales\/es\/san-bruno\/#easy-footnote-bottom-11-1802' title='Idem.'><sup>11<\/sup><\/a><\/span>. Con ese prop\u00f3sito fund\u00f3 y gobern\u00f3 el eremitorio de Cartuja durante seis a\u00f1os <span id='easy-footnote-12-1802' class='easy-footnote-margin-adjust'><\/span><span class='easy-footnote'><a href='https:\/\/chartreux.org\/moniales\/es\/san-bruno\/#easy-footnote-bottom-12-1802' title='Cr\u00f3nica Magister.'><sup>12<\/sup><\/a><\/span>, impregn\u00e1ndolo profundamente de su esp\u00edritu <span id='easy-footnote-13-1802' class='easy-footnote-margin-adjust'><\/span><span class='easy-footnote'><a href='https:\/\/chartreux.org\/moniales\/es\/san-bruno\/#easy-footnote-bottom-13-1802' title='S.S. P\u00edo XI, Umbratilem.'><sup>13<\/sup><\/a><\/span> y d\u00e1ndoles en su persona una regla viviente a sus hijos.<\/p>\n\n\n\n<p>San Pedro el Venerable, ilustre abad de Cluny y gran amigo de los cartujos, da una descripci\u00f3n de este tipo de vida, semejante al de los Padres del Desierto: \u00ab\u00a0All\u00ed no cesan de dedicarse al silencio, a la lectura, a la oraci\u00f3n y tambi\u00e9n al trabajo manual, sobre todo a la copia de libros. Es en sus celdas que a la se\u00f1al dada por la campana de la iglesia cumplen con una parte de la oraci\u00f3n can\u00f3nica. Para V\u00edsperas y Maitines todos se re\u00fanen en la iglesia. Ciertos d\u00edas de fiesta cambian este ritmo de vida\u2026 Toman entonces dos comidas, cantan en la iglesia todas las Horas regulares y todos sin excepci\u00f3n toman la comida en el refectorio\u00a0\u00bb <span id='easy-footnote-14-1802' class='easy-footnote-margin-adjust'><\/span><span class='easy-footnote'><a href='https:\/\/chartreux.org\/moniales\/es\/san-bruno\/#easy-footnote-bottom-14-1802' title='Pedro el Venerable, Liber de Miraculis, Lib. II, ch. 27, PL 189, 943.'><sup>14<\/sup><\/a><\/span>.<\/p>\n\n\n\n<p>De esta vida consagrada a Dios, retirada del mundo, san Bruno ha dejado algunas impresiones encendidas:<\/p>\n\n\n\n<p>\u00ab\u00a0Cu\u00e1nta utilidad y gozo divino traen consigo la soledad y el silencio del desierto a quien los ama, s\u00f3lo lo conocen quienes lo han experimentado. [\u2026] Aqu\u00ed se adquiere aquel ojo cuya l\u00edmpida mirada hiere de amor al divino Esposo y cuya pureza permite ver a Dios\u00a0\u00bb <span id='easy-footnote-15-1802' class='easy-footnote-margin-adjust'><\/span><span class='easy-footnote'><a href='https:\/\/chartreux.org\/moniales\/es\/san-bruno\/#easy-footnote-bottom-15-1802' title='San Bruno, Carta a Ra\u00fal el Verde, \u00a7 6.'><sup>15<\/sup><\/a><\/span>.<\/p>\n\n\n\n<p><a href=\"#toc_container\" class=\"returnToTop\"> Volver arriba! \u2191 <\/a><\/p>\n\n\n\n<h2 class=\"wp-block-heading\" id=\"bruno_rome\">Roma<\/h2>\n\n\n\n<p>Pero ocurri\u00f3 un acontecimiento inesperado: seis a\u00f1os despu\u00e9s de la llegada de Bruno a Cartuja, en 1090, el papa Urbano II, su antiguo alumno <span id='easy-footnote-16-1802' class='easy-footnote-margin-adjust'><\/span><span class='easy-footnote'><a href='https:\/\/chartreux.org\/moniales\/es\/san-bruno\/#easy-footnote-bottom-16-1802' title='Cr\u00f3nica Magister.'><sup>16<\/sup><\/a><\/span>, lo hizo llamar para que lo asistiese con su colaboraci\u00f3n y sus consejos en la gesti\u00f3n de los asuntos eclesi\u00e1sticos <span id='easy-footnote-17-1802' class='easy-footnote-margin-adjust'><\/span><span class='easy-footnote'><a href='https:\/\/chartreux.org\/moniales\/es\/san-bruno\/#easy-footnote-bottom-17-1802' title='Idem.'><sup>17<\/sup><\/a><\/span>. Bruno obedeci\u00f3, con el alma dolorida, dej\u00f3 a sus hermanos y se encamin\u00f3 a la Curia romana <span id='easy-footnote-18-1802' class='easy-footnote-margin-adjust'><\/span><span class='easy-footnote'><a href='https:\/\/chartreux.org\/moniales\/es\/san-bruno\/#easy-footnote-bottom-18-1802' title='Idem.'><sup>18<\/sup><\/a><\/span>.<\/p>\n\n\n\n<p>Sus hermanos no creyeron ser capaces de continuar sin \u00e9l y se dispersaron; pero Bruno los anim\u00f3 y logr\u00f3 hacerlos volver. Sin embargo, Bruno no pudo soportar la agitaci\u00f3n y las costumbres de la Curia <span id='easy-footnote-19-1802' class='easy-footnote-margin-adjust'><\/span><span class='easy-footnote'><a href='https:\/\/chartreux.org\/moniales\/es\/san-bruno\/#easy-footnote-bottom-19-1802' title='Idem.'><sup>19<\/sup><\/a><\/span>.<\/p>\n\n\n\n<p>Deseoso de recuperar la soledad y la tranquilidad perdidas, dej\u00f3 la corte pontificia. Habiendo rechazado el arzobispado de Reggio, para el cual hab\u00eda sido designado por deseo del Papa, se retir\u00f3 a un yermo de Calabria denominado La Torre <span id='easy-footnote-20-1802' class='easy-footnote-margin-adjust'><\/span><span class='easy-footnote'><a href='https:\/\/chartreux.org\/moniales\/es\/san-bruno\/#easy-footnote-bottom-20-1802' title='Idem.'><sup>20<\/sup><\/a><\/span>.<\/p>\n\n\n\n<h2 class=\"wp-block-heading\" id=\"bruno_calabre\">Calabria<\/h2>\n\n\n\n<p>Bruno pas\u00f3 el resto de su vida rodeado de un gran n\u00famero de laicos y de cl\u00e9rigos <span id='easy-footnote-21-1802' class='easy-footnote-margin-adjust'><\/span><span class='easy-footnote'><a href='https:\/\/chartreux.org\/moniales\/es\/san-bruno\/#easy-footnote-bottom-21-1802' title='Cr\u00f3nica Magister.'><sup>21<\/sup><\/a><\/span>. Gracias al generoso apoyo del conde Rogerio, pr\u00edncipe normando de Calabria y de Sicilia, pudo llevar a cabo su proyecto de vida solitaria <span id='easy-footnote-22-1802' class='easy-footnote-margin-adjust'><\/span><span class='easy-footnote'><a href='https:\/\/chartreux.org\/moniales\/es\/san-bruno\/#easy-footnote-bottom-22-1802' title='Idem.'><sup>22<\/sup><\/a><\/span>.<\/p>\n\n\n\n<p>Bruno le escribi\u00f3 a su amigo Ra\u00fal, preboste del Cap\u00edtulo de Reims, una notable carta en la que evoca el nuevo eremitorio, llamado Santa Mar\u00eda de La Torre:<\/p>\n\n\n\n<p>\u00ab\u00a0Vivo en un desierto situado en Calabria y bastante alejado de todo poblado; estoy all\u00ed con mis hermanos religiosos, algunos de los cuales est\u00e1n llenos de ciencia; montan una guardia santa y perseverante, esperando el regreso de su Maestro, para abrirle apenas llame\u00a0\u00bb <span id='easy-footnote-23-1802' class='easy-footnote-margin-adjust'><\/span><span class='easy-footnote'><a href='https:\/\/chartreux.org\/moniales\/es\/san-bruno\/#easy-footnote-bottom-23-1802' title='San Bruno, Carta a Ra\u00fal el Verde, \u00a7 4.'><sup>23<\/sup><\/a><\/span>.<\/p>\n\n\n\n<p>Landuino, prior de Cartuja, lo visit\u00f3 para discutir con \u00e9l cosas de inter\u00e9s com\u00fan relativas al establecimiento de la vocaci\u00f3n cartujana. En aquella ocasi\u00f3n Bruno, con bondad paterna, dirigi\u00f3 una carta a sus amad\u00edsimos hijos de Cartuja:<\/p>\n\n\n\n<p>\u00ab\u00a0Fray Bruno, saluda en el Se\u00f1or, a sus hijos ardientemente amados en Cristo.<br>Me he enterado del inflexible rigor de vuestra observancia razonable y digna de todo elogio, gracias al detallado y consolador relato que me ha hecho nuestro tan afortunado hermano Landuino; le he escuchado contarme vuestro santo amor y vuestro incansable celo por la pureza de coraz\u00f3n y la virtud. Por este motivo, mi esp\u00edritu exulta en el Se\u00f1or. Alegraos, pues, mis car\u00edsimos hermanos, por vuestra feliz suerte y por la abundancia de gracias que Dios ha prodigado en vosotros.<br>Alegraos de haber escapado de las tumultuosas aguas del mundo, y de todos sus peligros y naufragios.<br>Alegraos de haber llegado a poseer el sosiego y la seguridad, anclando en el m\u00e1s resguardado puerto\u00a0\u00bb <span id='easy-footnote-24-1802' class='easy-footnote-margin-adjust'><\/span><span class='easy-footnote'><a href='https:\/\/chartreux.org\/moniales\/es\/san-bruno\/#easy-footnote-bottom-24-1802' title='San Bruno, Carta a sus hijos cartujos, \u00a7 1-2.'><sup>24<\/sup><\/a><\/span>.<\/p>\n\n\n\n<p>El fiel Landuino muri\u00f3 en su camino de vuelta a Cartuja, pero la carta lleg\u00f3 a sus destinatarios.<\/p>\n\n\n\n<h2 class=\"wp-block-heading\" id=\"bruno_mort\">Muerte y glorificaci\u00f3n<\/h2>\n\n\n\n<p>En Calabria, Bruno se aplic\u00f3 mientras vivi\u00f3 a la vocaci\u00f3n de la vida solitaria. All\u00ed muri\u00f3, alrededor de once a\u00f1os despu\u00e9s de su partida de Cartuja<span id='easy-footnote-25-1802' class='easy-footnote-margin-adjust'><\/span><span class='easy-footnote'><a href='https:\/\/chartreux.org\/moniales\/es\/san-bruno\/#easy-footnote-bottom-25-1802' title='Cr\u00f3nica Magister.'><sup>25<\/sup><\/a><\/span>, rodeado del amor y de la veneraci\u00f3n de sus hermanos.  \u00c9stos enviaron una carta enc\u00edclica en toda Europa para anunciar a las iglesias y monasterios el fallecimiento de Bruno, y pedir sufragios en su favor.<\/p>\n\n\n\n<p>\u00ab&nbsp;Sabiendo que su hora hab\u00eda llegado de pasar de este mundo a su Se\u00f1or y Padre,  convoc\u00f3 a sus hermanos, pas\u00f3 revista de todas las etapas de su vida desde su infancia, y record\u00f3 con agudeza los eventos notables de su tiempo.  Luego expuso su fe en la Trinidad en un discurso prolongado y profundo. Y as\u00ed, el domingo siguiente, 6 de octubre del a\u00f1o 1101 de nuestro Se\u00f1or, su alma santa dej\u00f3 su carne mortal&nbsp;\u00bb<span id='easy-footnote-26-1802' class='easy-footnote-margin-adjust'><\/span><span class='easy-footnote'><a href='https:\/\/chartreux.org\/moniales\/es\/san-bruno\/#easy-footnote-bottom-26-1802' title='Carta enc\u00edclica de los ermita\u00f1os de Calabria.'><sup>26<\/sup><\/a><\/span>.<\/p>\n\n\n\n<p>Hombre sediento de Dios, seducido por el absoluto, pero siempre discreto, su epitafio traza un hermoso retrato de su equilibrio y de su radiante personalidad:<\/p>\n\n\n\n<p><em>\u00ab<\/em>&nbsp;<em>En muchas cosas Bruno deb\u00eda ser alabado, pero sobre todo en \u00e9sta:<br>var\u00f3n siempre igual a s\u00ed mismo, en esto fue singular.<br>Ten\u00eda siempre el rostro alegre, y la palabra comedida.<br>Tras el rigor de un padre, manifestaba entra\u00f1as de madre.<br>Nadie lo encontr\u00f3 altanero, sino manso como un cordero.<br>En una palabra, \u00e9l fue en esta vida el verdadero israelita [un hombre sin enga\u00f1o]<\/em>&nbsp;<em>\u00bb<\/em> <span id='easy-footnote-27-1802' class='easy-footnote-margin-adjust'><\/span><span class='easy-footnote'><a href='https:\/\/chartreux.org\/moniales\/es\/san-bruno\/#easy-footnote-bottom-27-1802' title='Tituli funebres, \u00a7 1.'><sup>27<\/sup><\/a><\/span>.<\/p>\n\n\n\n<figure class=\"wp-block-image size-large\"><img loading=\"lazy\" decoding=\"async\" width=\"1024\" height=\"850\" src=\"https:\/\/chartreux.org\/moniales\/wp-content\/uploads\/2020\/09\/mort-st-br-bon-1024x850.jpg\" alt=\"\" class=\"wp-image-1098\" srcset=\"https:\/\/chartreux.org\/moniales\/wp-content\/uploads\/2020\/09\/mort-st-br-bon-1024x850.jpg 1024w, https:\/\/chartreux.org\/moniales\/wp-content\/uploads\/2020\/09\/mort-st-br-bon-300x249.jpg 300w, https:\/\/chartreux.org\/moniales\/wp-content\/uploads\/2020\/09\/mort-st-br-bon-768x638.jpg 768w, https:\/\/chartreux.org\/moniales\/wp-content\/uploads\/2020\/09\/mort-st-br-bon.jpg 1037w\" sizes=\"auto, (max-width: 1024px) 100vw, 1024px\" \/><figcaption>La muerte de san Bruno, por E. Le Sueur (1648)<\/figcaption><\/figure>\n\n\n\n<p class=\"has-text-align-center\">*<\/p>\n\n\n\n<p>La reputaci\u00f3n de santidad de Maestro Bruno se extend\u00eda lejos. El hermano converso que llevaba la carta enc\u00edclica pudo constatar que en todas partes, Francia, Italia, Inglaterra, el antiguo maestro y fundador de los cartujos era conocido y venerado. Recogi\u00f3 178 elogios o t\u00edtulos f\u00fanebres, la mayor parte en verso, los cuales constituyen un notable paneg\u00edrico y muestran el lugar que ten\u00eda entre sus contempor\u00e1neos.<\/p>\n\n\n\n<p>Los siglos pasaban, la Orden se extend\u00eda, y el mundo cristiano se extra\u00f1aba, con raz\u00f3n, que los cartujos no pidieran a la Santa Sede la canonizaci\u00f3n de su fundador. \u00c9stos, en efecto, se contentaban de seguir sus huellas, y en coherencia con su vocaci\u00f3n de vida escondida, no hab\u00edan postulado nunca tal cosa por uno de los suyos&#8230; pero una excepci\u00f3n se impon\u00eda.<\/p>\n\n\n\n<p>El Cap\u00edtulo General de la Orden de 1514, bajo la direcci\u00f3n del Reverendo Padre general Dom Francisco du Puy, hombre brillante y cultivado, decidi\u00f3 que se har\u00edan las gestiones necesarias. La Orden de la Cartuja se encontraba en su apogeo; contaba alrededor de 5600 religiosos, monjes y monjas, distribuidos en 198 monasterios dispersos por toda Europa, hasta Suecia y Hungr\u00eda. Le\u00f3n X acogi\u00f3 con bondad la solicitud de los cartujos, confirm\u00f3 su solidez, y el 19 de julio de 1514 autoriz\u00f3 la fiesta lit\u00fargica de Bruno de Colonia por lo que se llama una \u00ab&nbsp;canonizaci\u00f3n equipolente&nbsp;\u00bb, es decir, por un decreto de su propia autoridad sin pasar por el tradicional proceso de canonizaci\u00f3n. Esta inscripci\u00f3n de Bruno en el cat\u00e1logo de los Santos, y m\u00e1s tarde, en 1623, la extensi\u00f3n de su fiesta a la Iglesia universal, suscitaron un renovado inter\u00e9s por su figura espiritual. <\/p>\n\n\n\n<p>Su paternidad permanece viva.<\/p>\n\n\n\n<iframe loading=\"lazy\" src=\"https:\/\/player.vimeo.com\/video\/660673696?h=7abffed6bb\" width=\"640\" height=\"360\" frameborder=\"0\" allow=\"autoplay; fullscreen; picture-in-picture\" allowfullscreen><\/iframe>\n\n\n\n<p>DVD <strong>Saint Bruno, P\u00e8re des Chartreux<\/strong> (extractos)<\/p>\n\n\n\n<p><a href=\"#toc_container\" class=\"returnToTop\"> Volver arriba! \u2191 <\/a><\/p>\n","protected":false},"excerpt":{"rendered":"<p>1. Colonia y Reims 2. Cartuja 3. La vida en Cartuja 4. Roma 5. Calabria 6. [&hellip;]<\/p>\n","protected":false},"author":1,"featured_media":0,"parent":0,"menu_order":0,"comment_status":"closed","ping_status":"closed","template":"template-full-width.php","meta":{"footnotes":""},"class_list":["post-1802","page","type-page","status-publish","hentry"],"_links":{"self":[{"href":"https:\/\/chartreux.org\/moniales\/wp-json\/wp\/v2\/pages\/1802","targetHints":{"allow":["GET"]}}],"collection":[{"href":"https:\/\/chartreux.org\/moniales\/wp-json\/wp\/v2\/pages"}],"about":[{"href":"https:\/\/chartreux.org\/moniales\/wp-json\/wp\/v2\/types\/page"}],"author":[{"embeddable":true,"href":"https:\/\/chartreux.org\/moniales\/wp-json\/wp\/v2\/users\/1"}],"replies":[{"embeddable":true,"href":"https:\/\/chartreux.org\/moniales\/wp-json\/wp\/v2\/comments?post=1802"}],"version-history":[{"count":43,"href":"https:\/\/chartreux.org\/moniales\/wp-json\/wp\/v2\/pages\/1802\/revisions"}],"predecessor-version":[{"id":3483,"href":"https:\/\/chartreux.org\/moniales\/wp-json\/wp\/v2\/pages\/1802\/revisions\/3483"}],"wp:attachment":[{"href":"https:\/\/chartreux.org\/moniales\/wp-json\/wp\/v2\/media?parent=1802"}],"curies":[{"name":"wp","href":"https:\/\/api.w.org\/{rel}","templated":true}]}}