{"id":107,"date":"2022-06-15T22:24:02","date_gmt":"2022-06-15T20:24:02","guid":{"rendered":"http:\/\/cobaye.chartreux.org\/wordpress\/?page_id=107"},"modified":"2022-01-03T20:45:49","modified_gmt":"2022-01-03T19:45:49","slug":"saint-bruno","status":"publish","type":"page","link":"https:\/\/chartreux.org\/moniales\/saint-bruno\/","title":{"rendered":"Saint Bruno"},"content":{"rendered":"\n<div class=\"wp-block-columns is-layout-flex wp-container-core-columns-is-layout-9d6595d7 wp-block-columns-is-layout-flex\">\n<div class=\"wp-block-column is-layout-flow wp-block-column-is-layout-flow\" style=\"flex-basis:40%\">\n<p><\/p>\n<div id=\"toc_container\">\n<ul class=\"toc_list\">\n  <li><a href=\"#bruno_cologne\">1. Cologne et Reims<\/a><\/li>\n  <li><a href=\"#bruno_chartreuse\">2. Chartreuse<\/a><\/li>\n  <li><a href=\"#vie_en_chartreuse\">3. Vie en chartreuse<\/a><\/li>\n  <li><a href=\"#bruno_rome\">4. Rome<\/a><\/li>\n  <li><a href=\"#bruno_calabre\">5. Calabre<\/a><\/li>\n  <li><a href=\"#bruno_mort\">6. Mort et glorification<\/a><\/li>\n<\/ul>\n<\/div>\n<\/div>\n\n\n\n<div class=\"wp-block-column is-layout-flow wp-block-column-is-layout-flow\" style=\"flex-basis:50%\">\n<div class=\"wp-block-image\"><figure class=\"aligncenter size-large is-resized\"><img loading=\"lazy\" decoding=\"async\" src=\"https:\/\/chartreux.org\/moniales\/wp-content\/uploads\/2020\/10\/Houdon-corrigee.jpg\" alt=\"\" class=\"wp-image-1740\" width=\"302\" height=\"454\" srcset=\"https:\/\/chartreux.org\/moniales\/wp-content\/uploads\/2020\/10\/Houdon-corrigee.jpg 533w, https:\/\/chartreux.org\/moniales\/wp-content\/uploads\/2020\/10\/Houdon-corrigee-200x300.jpg 200w\" sizes=\"auto, (max-width: 302px) 100vw, 302px\" \/><figcaption>Saint Bruno, par Jean-Antoine Houdon (1766)<\/figcaption><\/figure><\/div>\n<\/div>\n<\/div>\n\n\n\n<h2 class=\"wp-block-heading\" id=\"bruno_cologne\">Cologne et Reims<\/h2>\n\n\n\n<p id=\"_2\">Ma\u00eetre Bruno \u00e9tait Allemand<span id='easy-footnote-1-107' class='easy-footnote-margin-adjust'><\/span><span class='easy-footnote'><a href='https:\/\/chartreux.org\/moniales\/saint-bruno\/#easy-footnote-bottom-1-107' title='Chronique Magister.'><sup>1<\/sup><\/a><\/span>. Il est n\u00e9 vers 1030, dans l\u2019illustre ville de Cologne, de parents r\u00e9put\u00e9s<span id='easy-footnote-2-107' class='easy-footnote-margin-adjust'><\/span><span class='easy-footnote'><a href='https:\/\/chartreux.org\/moniales\/saint-bruno\/#easy-footnote-bottom-2-107' title='Idem.'><sup>2<\/sup><\/a><\/span>. Jeune encore, il fut nomm\u00e9 chanoine de l\u2019\u00e9glise Saint-Cunibert. Tr\u00e8s t\u00f4t, il vint \u00e0 Reims pour \u00e9tudier \u00e0 sa c\u00e9l\u00e8bre \u00e9cole cath\u00e9drale, nagu\u00e8re illustr\u00e9e par le savant Gerbert d\u2019Aurillac (futur pape Sylvestre II). L\u00e0, il re\u00e7ut une solide formation tant dans les lettres profanes que dans la litt\u00e9rature sacr\u00e9e <span id='easy-footnote-3-107' class='easy-footnote-margin-adjust'><\/span><span class='easy-footnote'><a href='https:\/\/chartreux.org\/moniales\/saint-bruno\/#easy-footnote-bottom-3-107' title='Idem.'><sup>3<\/sup><\/a><\/span>.<\/p>\n\n\n\n<p>Bruno devint chanoine de la cath\u00e9drale de Reims, qui se situait au premier rang parmi les \u00c9glises des Gaules <span id='easy-footnote-4-107' class='easy-footnote-margin-adjust'><\/span><span class='easy-footnote'><a href='https:\/\/chartreux.org\/moniales\/saint-bruno\/#easy-footnote-bottom-4-107' title='Idem.'><sup>4<\/sup><\/a><\/span>. En 1056, il fut nomm\u00e9 recteur des \u00e9tudes de son \u00e9cole, l\u2019une des plus prestigieuses de son temps. Il y dirigea l\u2019enseignement pendant plus de vingt ans, se faisant remarquer par sa culture, ses qualit\u00e9s p\u00e9dagogiques et l\u2019affection qu\u2019il portait \u00e0 ses \u00e9l\u00e8ves.<\/p>\n\n\n\n<p>En 1069, un archev\u00eaque indigne qui avait achet\u00e9 les consciences fut \u00e9lu, Manass\u00e8s de Gournay, qui se montra d\u2019une avidit\u00e9 insatiable pour les biens temporels, surtout ceux sur lesquels il n\u2019avait aucun droit. Commen\u00e7a alors entre quelques chanoines int\u00e8gres \u2013 dont Bruno \u2013 et Manass\u00e8s une longue lutte. Gr\u00e9goire VII mit un point final \u00e0 ce d\u00e9sordre en d\u00e9cembre 1080 et d\u00e9posa l\u2019archev\u00eaque, donnant l\u2019ordre de le chasser et d\u2019\u00e9lire un autre \u00e0 sa place.<\/p>\n\n\n\n<p>Bruno, ma\u00eetre en toute honn\u00eatet\u00e9 dans l\u2019\u00c9glise de Reims, <span id='easy-footnote-5-107' class='easy-footnote-margin-adjust'><\/span><span class='easy-footnote'><a href='https:\/\/chartreux.org\/moniales\/saint-bruno\/#easy-footnote-bottom-5-107' title='Hugues de Die, Epistola Hugonis Diensis ad papam, PL 148, 745.'><sup>5<\/sup><\/a><\/span> \u00e9tait l\u2019un des candidats les plus en vue, lui qui avait \u00e9t\u00e9 jug\u00e9 digne de souffrir pers\u00e9cution pour le Nom de J\u00e9sus<span id='easy-footnote-6-107' class='easy-footnote-margin-adjust'><\/span><span class='easy-footnote'><a href='https:\/\/chartreux.org\/moniales\/saint-bruno\/#easy-footnote-bottom-6-107' title='Idem.'><sup>6<\/sup><\/a><\/span>. Mais pour lui l\u2019heure \u00e9tait venue de r\u00e9pondre \u00e0 un plus haut appel et de quitter le monde.<\/p>\n\n\n\n<h2 class=\"wp-block-heading\" id=\"bruno_chartreuse\">Chartreuse<\/h2>\n\n\n\n<p>Bruno abandonna alors tous ses biens, les honneurs li\u00e9es \u00e0 sa charge, les&nbsp;faux attraits et les richesses p\u00e9rissables de ce monde. Br\u00fblant d\u2019amour divin<span id='easy-footnote-7-107' class='easy-footnote-margin-adjust'><\/span><span class='easy-footnote'><a href='https:\/\/chartreux.org\/moniales\/saint-bruno\/#easy-footnote-bottom-7-107' title='Saint Bruno, Lettre \u00e0 Raoul le Verd, \u00a7 13.'><sup>7<\/sup><\/a><\/span>, il quitta les&nbsp;ombres fugitives du si\u00e8cle pour se mettre en qu\u00eate des biens \u00e9ternels et recevoir l\u2019habit monastique<span id='easy-footnote-8-107' class='easy-footnote-margin-adjust'><\/span><span class='easy-footnote'><a href='https:\/\/chartreux.org\/moniales\/saint-bruno\/#easy-footnote-bottom-8-107' title='Idem.'><sup>8<\/sup><\/a><\/span>.<\/p>\n\n\n\n<p>En juin 1084, voici qu\u2019au jeune \u00e9v\u00eaque Hugues de Grenoble se pr\u00e9sente Ma\u00eetre Bruno, tr\u00e8s c\u00e9l\u00e8bre par sa pi\u00e9t\u00e9 et sa culture, image id\u00e9ale de la noblesse d&rsquo;\u00e2me, du s\u00e9rieux et d&rsquo;une enti\u00e8re perfection.<\/p>\n\n\n\n<p>Il avait comme compagnons ma\u00eetre Landuin, qui apr\u00e8s lui fut prieur de Chartreuse&nbsp;; les deux Etienne, celui de Bourg et celui de Die \u2013 ils avaient \u00e9t\u00e9 chanoines de Saint-Ruf mais par d\u00e9sir de la vie solitaire, avec l&rsquo;autorisation de leur abb\u00e9, ils avaient rejoint Bruno \u2013&nbsp;; Hugues, que l&rsquo;on appelait le chapelain, parce qu\u2019il \u00e9tait le seul parmi eux \u00e0 exercer les fonctions sacerdotales&nbsp;; et deux la\u00efcs, que nous appelons convers, Andr\u00e9 et Gu\u00e9rin. Ils cherchaient un endroit propre \u00e0 la vie \u00e9r\u00e9mitique, n&rsquo;en ayant pas encore trouv\u00e9.<\/p>\n\n\n\n<p>Ils arriv\u00e8rent mus par cet espoir et attir\u00e9s par le doux parfum de la sainte existence de l&rsquo;\u00e9v\u00eaque. Lui les re\u00e7ut avec joie et m\u00eame avec respect, discuta avec eux et combla leurs v\u0153ux. Sur ses conseils, avec son aide et en sa compagnie, ils all\u00e8rent au d\u00e9sert de Chartreuse et y b\u00e2tirent un monast\u00e8re.<\/p>\n\n\n\n<p>Peu auparavant, Hugues avait vu en songe Dieu construire dans le d\u00e9sert une demeure pour sa gloire ; il avait \u00e9galement vu sept \u00e9toiles qui lui en montraient le chemin. Or, ils \u00e9taient sept, c&rsquo;est pourquoi il embrassa volontiers leur projet<span id='easy-footnote-9-107' class='easy-footnote-margin-adjust'><\/span><span class='easy-footnote'><a href='https:\/\/chartreux.org\/moniales\/saint-bruno\/#easy-footnote-bottom-9-107' title='Guigues I, Vie de saint Hugues, \u00a7 16.'><sup>9<\/sup><\/a><\/span>.<\/p>\n\n\n\n<h2 class=\"wp-block-heading\" id=\"vie_en_chartreuse\">Vie en chartreuse<\/h2>\n\n\n\n<p>Dans sa bont\u00e9 infinie, qui jamais ne cesse de pourvoir aux besoins et aux int\u00e9r\u00eats de son \u00c9glise, Dieu<span id='easy-footnote-10-107' class='easy-footnote-margin-adjust'><\/span><span class='easy-footnote'><a href='https:\/\/chartreux.org\/moniales\/saint-bruno\/#easy-footnote-bottom-10-107' title='S.S. Pie XI, Umbratilem.'><sup>10<\/sup><\/a><\/span> avait donc choisi Bruno, homme d\u2019une \u00e9minente saintet\u00e9, pour rendre \u00e0 la vie contemplative l\u2019\u00e9clat de sa puret\u00e9 originelle<span id='easy-footnote-11-107' class='easy-footnote-margin-adjust'><\/span><span class='easy-footnote'><a href='https:\/\/chartreux.org\/moniales\/saint-bruno\/#easy-footnote-bottom-11-107' title='Idem.'><sup>11<\/sup><\/a><\/span>. C\u2019est dans ce but que celui-ci fonda et gouverna l\u2019ermitage de Chartreuse pendant six ans<span id='easy-footnote-12-107' class='easy-footnote-margin-adjust'><\/span><span class='easy-footnote'><a href='https:\/\/chartreux.org\/moniales\/saint-bruno\/#easy-footnote-bottom-12-107' title='Chronique Magister.'><sup>12<\/sup><\/a><\/span>, le p\u00e9n\u00e9trant profond\u00e9ment de son esprit<span id='easy-footnote-13-107' class='easy-footnote-margin-adjust'><\/span><span class='easy-footnote'><a href='https:\/\/chartreux.org\/moniales\/saint-bruno\/#easy-footnote-bottom-13-107' title='S.S. Pie XI, Umbratilem.'><sup>13<\/sup><\/a><\/span> et donna en sa personne une r\u00e8gle vivante \u00e0 ses fils.<\/p>\n\n\n\n<p>Saint Pierre le V\u00e9n\u00e9rable, illustre abb\u00e9 de Cluny et grand ami des Chartreux, donne une description de ce genre de vie semblable \u00e0 celui des P\u00e8res du D\u00e9sert&nbsp;: \u00ab\u00a0L\u00e0, ils ne cessent de s&rsquo;adonner au silence, \u00e0 la lecture, \u00e0 l&rsquo;oraison et aussi au travail manuel, surtout \u00e0 la copie des livres. C&rsquo;est dans leurs cellules qu&rsquo;au signal donn\u00e9 par la cloche de l&rsquo;\u00e9glise, ils s&rsquo;acquittent d&rsquo;une partie de la pri\u00e8re canoniale. Pour V\u00eapres et Matines, ils se rassemblent tous \u00e0 l&rsquo;\u00e9glise. De ce rythme de vie ils se d\u00e9partissent \u00e0 certains jours de f\u00eate&#8230; Ils prennent alors deux repas, ils chantent \u00e0 l&rsquo;\u00e9glise toutes les Heures r\u00e9guli\u00e8res et tous sans exception prennent leur repas au r\u00e9fectoire\u00a0\u00bb<span id='easy-footnote-14-107' class='easy-footnote-margin-adjust'><\/span><span class='easy-footnote'><a href='https:\/\/chartreux.org\/moniales\/saint-bruno\/#easy-footnote-bottom-14-107' title='Pierre le V\u00e9n\u00e9rable, Liber de Miraculis, Lib. II, ch. 27, PL 189, 943.'><sup>14<\/sup><\/a><\/span>.<\/p>\n\n\n\n<p>De cette vie toute consacr\u00e9e \u00e0 Dieu, dans le retrait du monde, S<sup>t<\/sup> Bruno a laiss\u00e9 quelques impressions enflamm\u00e9es&nbsp;:<\/p>\n\n\n\n<p>\u00ab\u00a0Ce que la solitude et le silence du d\u00e9sert apportent d&rsquo;utilit\u00e9 et de divine jouissance \u00e0 ceux qui les aiment, ceux-l\u00e0 seuls le savent, qui en ont fait l&rsquo;exp\u00e9rience. [\u2026] L\u00e0 on s&rsquo;efforce d&rsquo;acqu\u00e9rir cet \u0153il dont le clair regard blesse d&rsquo;amour le divin \u00e9poux et dont la puret\u00e9 donne de voir Dieu\u00a0\u00bb<span id='easy-footnote-15-107' class='easy-footnote-margin-adjust'><\/span><span class='easy-footnote'><a href='https:\/\/chartreux.org\/moniales\/saint-bruno\/#easy-footnote-bottom-15-107' title='Saint Bruno, Lettre \u00e0 Raoul le Verd, \u00a7 6.'><sup>15<\/sup><\/a><\/span>.<\/p>\n\n\n\n<p><a href=\"#toc_container\" class=\"returnToTop\"> Retourner en haut ! \u2191 <\/a><\/p>\n\n\n\n<p><\/p>\n\n\n\n<h2 class=\"wp-block-heading\" id=\"bruno_rome\">Rome<\/h2>\n\n\n\n<p>Mais un \u00e9v\u00e9nement inattendu survint&nbsp;: six ans apr\u00e8s l\u2019arriv\u00e9e de Bruno en Chartreuse, en 1090, le pape Urbain II, son ancien \u00e9l\u00e8ve<span id='easy-footnote-16-107' class='easy-footnote-margin-adjust'><\/span><span class='easy-footnote'><a href='https:\/\/chartreux.org\/moniales\/saint-bruno\/#easy-footnote-bottom-16-107' title='Chronique Magister.'><sup>16<\/sup><\/a><\/span>, le fit appeler aupr\u00e8s de lui afin qu\u2019il l\u2019assiste de sa collaboration et de ses conseils dans la gestion des affaires eccl\u00e9siastiques<span id='easy-footnote-17-107' class='easy-footnote-margin-adjust'><\/span><span class='easy-footnote'><a href='https:\/\/chartreux.org\/moniales\/saint-bruno\/#easy-footnote-bottom-17-107' title='Idem.'><sup>17<\/sup><\/a><\/span>. Bruno ob\u00e9it, la douleur dans l\u2019\u00e2me, quitta ses fr\u00e8res et se rendit \u00e0 la Curie romaine<span id='easy-footnote-18-107' class='easy-footnote-margin-adjust'><\/span><span class='easy-footnote'><a href='https:\/\/chartreux.org\/moniales\/saint-bruno\/#easy-footnote-bottom-18-107' title='Idem.'><sup>18<\/sup><\/a><\/span>.<\/p>\n\n\n\n<p>Ses fr\u00e8res, ne croyant pas \u00eatre capables de continuer sans lui, se dispers\u00e8rent, mais Bruno les encouragea et r\u00e9ussit \u00e0 les faire revenir. Cependant Bruno ne put supporter l&rsquo;agitation et les m\u0153urs de la Curie<span id='easy-footnote-19-107' class='easy-footnote-margin-adjust'><\/span><span class='easy-footnote'><a href='https:\/\/chartreux.org\/moniales\/saint-bruno\/#easy-footnote-bottom-19-107' title='Idem.'><sup>19<\/sup><\/a><\/span>.<\/p>\n\n\n\n<p>Avide de retrouver la solitude et la tranquillit\u00e9 perdues, il quitta la cour pontificale. Ayant refus\u00e9 l&rsquo;archev\u00each\u00e9 de Reggio pour lequel il avait \u00e9t\u00e9 d\u00e9sign\u00e9 sur le d\u00e9sir du pape, il se retira dans un d\u00e9sert de Calabre d\u00e9nomm\u00e9 La Tour<span id='easy-footnote-20-107' class='easy-footnote-margin-adjust'><\/span><span class='easy-footnote'><a href='https:\/\/chartreux.org\/moniales\/saint-bruno\/#easy-footnote-bottom-20-107' title='Idem.'><sup>20<\/sup><\/a><\/span>.<\/p>\n\n\n\n<h2 class=\"wp-block-heading\" id=\"bruno_calabre\">Calabre<\/h2>\n\n\n\n<p>Bruno passa le reste de sa vie entour\u00e9 d\u2019un grand nombre de la\u00efcs et de clercs<span id='easy-footnote-21-107' class='easy-footnote-margin-adjust'><\/span><span class='easy-footnote'><a href='https:\/\/chartreux.org\/moniales\/saint-bruno\/#easy-footnote-bottom-21-107' title='Chronique Magister.'><sup>21<\/sup><\/a><\/span>. Gr\u00e2ce \u00e0 l\u2019appui g\u00e9n\u00e9reux du Comte Roger, prince normand de Calabre et de Sicile, il mit \u00e0 ex\u00e9cution son projet de vie solitaire<span id='easy-footnote-22-107' class='easy-footnote-margin-adjust'><\/span><span class='easy-footnote'><a href='https:\/\/chartreux.org\/moniales\/saint-bruno\/#easy-footnote-bottom-22-107' title='Idem.'><sup>22<\/sup><\/a><\/span>.<\/p>\n\n\n\n<p>Bruno \u00e9crivit \u00e0 son ami Raoul, pr\u00e9v\u00f4t du Chapitre de Reims, une lettre remarquable dans laquelle il \u00e9voque le nouvel ermitage, appel\u00e9 Sainte-Marie-de-la-Tour&nbsp;:<\/p>\n\n\n\n<p>\u00ab\u00a0J&rsquo;habite un d\u00e9sert situ\u00e9 en Calabre et assez \u00e9loign\u00e9 de tous c\u00f4t\u00e9s des habitations des hommes ; j&rsquo;y suis avec mes fr\u00e8res religieux, dont certains sont pleins de science ; ils montent une garde sainte et pers\u00e9v\u00e9rante, dans l&rsquo;attente du retour de leur Ma\u00eetre, pour lui ouvrir d\u00e8s qu&rsquo;il frappera\u00a0\u00bb<span id='easy-footnote-23-107' class='easy-footnote-margin-adjust'><\/span><span class='easy-footnote'><a href='https:\/\/chartreux.org\/moniales\/saint-bruno\/#easy-footnote-bottom-23-107' title='Saint Bruno, Lettre \u00e0 Raoul le Verd, \u00a7 4.'><sup>23<\/sup><\/a><\/span>.<\/p>\n\n\n\n<p>Landuin, prieur de Chartreuse, lui rendit visite, afin de discuter avec lui les choses d\u2019int\u00e9r\u00eat commun concernant l\u2019\u00e9tablissement de la vocation cartusienne. A cette occasion, Bruno, avec une bont\u00e9 toute paternelle, adressa une lettre \u00e0 ses bien-aim\u00e9s fils de Chartreuse :<\/p>\n\n\n\n<p>\u00ab\u00a0Fr\u00e8re Bruno \u00e0 ses fr\u00e8res aim\u00e9s plus que tout au monde dans le Christ&nbsp;: salut dans le Seigneur. J&rsquo;ai appris, par les r\u00e9cits d\u00e9taill\u00e9s et si consolants de notre heureux fr\u00e8re Landuin, avec quelle inflexible rigueur vous suivez une observance sage et vraiment digne d&rsquo;\u00e9loges&nbsp;; il m&rsquo;a parl\u00e9 de votre saint amour, de votre z\u00e8le infatigable pour tout ce qui touche la puret\u00e9 du c\u0153ur et la vertu&nbsp;: mon esprit en exulte dans le Seigneur. R\u00e9jouissez-vous donc, mes fr\u00e8res tr\u00e8s chers, pour votre bienheureux sort et pour les largesses de gr\u00e2ce divine r\u00e9pandues sur vous. R\u00e9jouissez-vous d&rsquo;avoir \u00e9chapp\u00e9 aux flots agit\u00e9s de ce monde, o\u00f9 se multiplient les p\u00e9rils et les naufrages. R\u00e9jouissez-vous d&rsquo;avoir gagn\u00e9 le repos tranquille et la s\u00e9curit\u00e9 d&rsquo;un port cach\u00e9\u00a0\u00bb<span id='easy-footnote-24-107' class='easy-footnote-margin-adjust'><\/span><span class='easy-footnote'><a href='https:\/\/chartreux.org\/moniales\/saint-bruno\/#easy-footnote-bottom-24-107' title='Saint Bruno, Lettre \u00e0 ses fils Chartreux, \u00a7 1-2.'><sup>24<\/sup><\/a><\/span>.<\/p>\n\n\n\n<p>Le fid\u00e8le Landuin mourut dans son chemin de retour en Chartreuse, mais la lettre arriva \u00e0 ses destinataires.<\/p>\n\n\n\n<h2 class=\"wp-block-heading\" id=\"bruno_mort\">Mort et glorification<\/h2>\n\n\n\n<p>En Calabre, Bruno s\u2019appliqua, tant qu&rsquo;il v\u00e9cut, \u00e0 la vocation de la vie solitaire. C\u2019est l\u00e0 qu\u2019il mourut, onze ans environ apr\u00e8s son d\u00e9part de Chartreuse<span id='easy-footnote-25-107' class='easy-footnote-margin-adjust'><\/span><span class='easy-footnote'><a href='https:\/\/chartreux.org\/moniales\/saint-bruno\/#easy-footnote-bottom-25-107' title='Chronique Magister.'><sup>25<\/sup><\/a><\/span>, entour\u00e9 de l\u2019amour et de la v\u00e9n\u00e9ration de ses fr\u00e8res. Ceux-ci envoy\u00e8rent une lettre encyclique dans toute l\u2019Europe, pour annoncer aux \u00e9glises et monast\u00e8res le d\u00e9c\u00e8s de Bruno, et demander des suffrages en sa faveur.<\/p>\n\n\n\n<p>\u00ab\u00a0Sachant que son heure \u00e9tait venue de passer de ce monde \u00e0 son Seigneur et P\u00e8re, il convoqua ses fr\u00e8res, passa en revue toutes les \u00e9tapes de sa vie depuis son enfance, et rappela avec beaucoup d\u2019esprit les \u00e9v\u00e9nements remarquables de son temps. Puis, il exposa sa foi en la Trinit\u00e9 dans un discours prolong\u00e9 et profond. Et ainsi le dimanche suivant, le 6 octobre de l&rsquo;an 1101 de notre Seigneur, son \u00e2me sainte quitta sa chair mortelle\u00a0\u00bb<span id='easy-footnote-26-107' class='easy-footnote-margin-adjust'><\/span><span class='easy-footnote'><a href='https:\/\/chartreux.org\/moniales\/saint-bruno\/#easy-footnote-bottom-26-107' title='Lettre encyclique des ermites de Calabre.'><sup>26<\/sup><\/a><\/span>.<\/p>\n\n\n\n<p>Homme assoiff\u00e9 de Dieu, s\u00e9duit par l\u2019absolu, mais toujours discret, son \u00e9pitaphe trace un beau portrait de son \u00e9quilibre et de sa personnalit\u00e9 rayonnante&nbsp;:<\/p>\n\n\n\n<p>\u00ab\u00a0<em>En bien des choses, Bruno dut \u00eatre lou\u00e9, mais surtout en celle-ci :<br>Homme \u00e0 la vie d&rsquo;une tr\u00e8s grande \u00e9galit\u00e9, il fut en cela singulier.<br>Toujours, il avait le visage en f\u00eate, et la parole mesur\u00e9e.<br>Derri\u00e8re la rigueur d&rsquo;un p\u00e8re, il manifesta des entrailles de m\u00e8re.<br>Nul ne le trouva hautain, mais doux comme un agneau.<br>En un mot, il fut en cette vie le v\u00e9ritable Isra\u00e9lite [un homme sans d\u00e9tour]<\/em>\u00a0\u00bb <span id='easy-footnote-27-107' class='easy-footnote-margin-adjust'><\/span><span class='easy-footnote'><a href='https:\/\/chartreux.org\/moniales\/saint-bruno\/#easy-footnote-bottom-27-107' title='Tituli funebres, \u00a7 1.'><sup>27<\/sup><\/a><\/span>.<\/p>\n\n\n\n<figure class=\"wp-block-image size-large\"><img loading=\"lazy\" decoding=\"async\" width=\"1024\" height=\"850\" src=\"https:\/\/chartreux.org\/moniales\/wp-content\/uploads\/2020\/09\/mort-st-br-bon-1024x850.jpg\" alt=\"\" class=\"wp-image-1098\" srcset=\"https:\/\/chartreux.org\/moniales\/wp-content\/uploads\/2020\/09\/mort-st-br-bon-1024x850.jpg 1024w, https:\/\/chartreux.org\/moniales\/wp-content\/uploads\/2020\/09\/mort-st-br-bon-300x249.jpg 300w, https:\/\/chartreux.org\/moniales\/wp-content\/uploads\/2020\/09\/mort-st-br-bon-768x638.jpg 768w, https:\/\/chartreux.org\/moniales\/wp-content\/uploads\/2020\/09\/mort-st-br-bon.jpg 1037w\" sizes=\"auto, (max-width: 1024px) 100vw, 1024px\" \/><figcaption>La mort de St Bruno, par E. Le Sueur (1648)<\/figcaption><\/figure>\n\n\n\n<p class=\"has-text-align-center\">*<\/p>\n\n\n\n<p>La r\u00e9putation de saintet\u00e9 de Ma\u00eetre Bruno s&rsquo;\u00e9tait r\u00e9pandue au loin. Le fr\u00e8re convers qui portait la lettre encyclique put constater que partout, en France, en Italie, en Angleterre, l\u2019ancien ma\u00eetre et le fondateur des Chartreux \u00e9tait connu et v\u00e9n\u00e9r\u00e9. Il recueillit 178 \u00e9loges ou titres fun\u00e8bres, la plupart en vers, qui constituent un remarquable pan\u00e9gyrique et montrent la place qu\u2019il avait parmi ses contemporains.<\/p>\n\n\n\n<p>Les si\u00e8cles passaient, l\u2019Ordre se r\u00e9pandait, et le monde chr\u00e9tien s\u2019\u00e9tonnait, \u00e0 juste titre, que les Chartreux ne demandent pas au Saint-Si\u00e8ge la canonisation de leur fondateur. Ceux-ci, en effet, s&rsquo;\u00e9taient content\u00e9s de suivre ses traces, et en coh\u00e9rence avec leur vocation de vie cach\u00e9e, n\u2019avaient jamais postul\u00e9 cela pour aucun des leurs&#8230; mais une exception s&rsquo;imposait.<\/p>\n\n\n\n<p>Le Chapitre G\u00e9n\u00e9ral de l&rsquo;Ordre de 1514, sous la direction du R\u00e9v\u00e9rend P\u00e8re g\u00e9n\u00e9ral Dom Fran\u00e7ois du Puy, homme brillant et cultiv\u00e9, d\u00e9cida qu&rsquo;on ferait les d\u00e9marches n\u00e9cessaires. L\u2019Ordre des Chartreux se trouvait \u00e0 son apog\u00e9e&nbsp;; il comptait environ 5600 religieux, moines et moniales, repartis en 198 monast\u00e8res diss\u00e9min\u00e9s dans toute l\u2019Europe, jusqu\u2019en Su\u00e8de et en Hongrie. L\u00e9on X accueillit avec bont\u00e9 la demande des Chartreux, en confirma le bien fond\u00e9, et le 19 juillet 1514 autorisa la f\u00eate liturgique de Bruno de Cologne par ce qu&rsquo;on appelle une \u00ab&nbsp;canonisation \u00e9quipollente&nbsp;\u00bb, c\u2019est \u00e0 dire, par un d\u00e9cret \u00e9manant de sa propre autorit\u00e9, sans passer par l\u2019habituel proc\u00e8s de canonisation. Cette inscription de Bruno dans le catalogue des Saints, et plus tard, en 1623, l\u2019extension de sa f\u00eate \u00e0 l\u2019\u00c9glise universelle, suscit\u00e8rent un int\u00e9r\u00eat renouvel\u00e9 pour sa figure spirituelle. <\/p>\n\n\n\n<p>Sa paternit\u00e9 reste vivante.<\/p>\n\n\n\n<iframe loading=\"lazy\" src=\"https:\/\/player.vimeo.com\/video\/660673696?h=7abffed6bb\" width=\"640\" height=\"360\" frameborder=\"0\" allow=\"autoplay; fullscreen; picture-in-picture\" allowfullscreen><\/iframe>\n\n\n\n<p class=\"has-text-align-left\">DVD  <strong>Saint Bruno, P\u00e8re des Chartreux<\/strong> (extraits)<\/p>\n\n\n\n<p><a href=\"#toc_container\" class=\"returnToTop\"> Retourner en haut ! \u2191 <\/a><\/p>\n\n\n\n<p><\/p>\n","protected":false},"excerpt":{"rendered":"<p>1. Cologne et Reims 2. Chartreuse 3. Vie en chartreuse 4. Rome 5. Calabre 6. Mort [&hellip;]<\/p>\n","protected":false},"author":1,"featured_media":0,"parent":0,"menu_order":0,"comment_status":"closed","ping_status":"closed","template":"template-full-width.php","meta":{"footnotes":""},"class_list":["post-107","page","type-page","status-publish","hentry"],"_links":{"self":[{"href":"https:\/\/chartreux.org\/moniales\/wp-json\/wp\/v2\/pages\/107","targetHints":{"allow":["GET"]}}],"collection":[{"href":"https:\/\/chartreux.org\/moniales\/wp-json\/wp\/v2\/pages"}],"about":[{"href":"https:\/\/chartreux.org\/moniales\/wp-json\/wp\/v2\/types\/page"}],"author":[{"embeddable":true,"href":"https:\/\/chartreux.org\/moniales\/wp-json\/wp\/v2\/users\/1"}],"replies":[{"embeddable":true,"href":"https:\/\/chartreux.org\/moniales\/wp-json\/wp\/v2\/comments?post=107"}],"version-history":[{"count":91,"href":"https:\/\/chartreux.org\/moniales\/wp-json\/wp\/v2\/pages\/107\/revisions"}],"predecessor-version":[{"id":3481,"href":"https:\/\/chartreux.org\/moniales\/wp-json\/wp\/v2\/pages\/107\/revisions\/3481"}],"wp:attachment":[{"href":"https:\/\/chartreux.org\/moniales\/wp-json\/wp\/v2\/media?parent=107"}],"curies":[{"name":"wp","href":"https:\/\/api.w.org\/{rel}","templated":true}]}}