{"id":987,"date":"2020-12-18T21:29:48","date_gmt":"2020-12-18T20:29:48","guid":{"rendered":"https:\/\/chartreux.org\/moines\/?page_id=987"},"modified":"2021-11-19T17:52:12","modified_gmt":"2021-11-19T16:52:12","slug":"politica-de-confidencialidad","status":"publish","type":"page","link":"https:\/\/chartreux.org\/moines\/es\/politica-de-confidencialidad\/","title":{"rendered":"Pol\u00edtica de confidencialidad"},"content":{"rendered":"\n<h3 class=\"wp-block-heading\">Pol\u00edtica de protecci\u00f3n de datos<\/h3>\n\n\n\n<p>La Orden Cartujana se compromete a tomar las medidas apropiadas para cumplir, como responsable del tratamiento de datos, con las disposiciones de la Ley n\u00ba 78-17 de 6 de enero de 1978 modificada, con el \u201cReglamento General de Protecci\u00f3n de Datos\u201d (RGPD &#8211; 2016\/679) y con cualquier otro texto que pueda a\u00f1adirse.<\/p>\n\n\n\n<p>En la pol\u00edtica de protecci\u00f3n de datos que figura a continuaci\u00f3n encontrar\u00e1 los medios que hemos aplicado para lograrlo.<\/p>\n\n\n\n<h3 class=\"wp-block-heading\">\u00c1mbito de aplicaci\u00f3n<\/h3>\n\n\n\n<p>Esta pol\u00edtica se aplica a todos los tratamientos de datos personales realizados por la Orden Cartujana, independientemente del soporte en el que se recojan los datos.<\/p>\n\n\n\n<h3 class=\"wp-block-heading\">Los datos recogidos<\/h3>\n\n\n\n<p>Recogemos informaci\u00f3n cuando nos escribe: para una pregunta, para una solicitud de informaci\u00f3n, para hacer una donaci\u00f3n, etc. Recogemos la informaci\u00f3n que nos proporciona: sus apellidos, nombre, direcci\u00f3n postal o de correo electr\u00f3nico, su n\u00famero de tel\u00e9fono, etc. Los datos bancarios de sus donaciones no los guardamos nosotros, sino nuestro banco.<\/p>\n\n\n\n<p>Cuando navega por nuestro sitio web, tambi\u00e9n recogemos informaci\u00f3n t\u00e9cnica sobre su dispositivo (direcci\u00f3n IP) o estad\u00edsticas de navegaci\u00f3n.<\/p>\n\n\n\n<h3 class=\"wp-block-heading\">El objetivo de la recogida de datos<\/h3>\n\n\n\n<p>Toda la informaci\u00f3n que recogemos de usted puede ser utilizada para diferentes fines. La utilizamos principalmente para responder a sus preguntas. Tambi\u00e9n la utilizamos para gestionar las relaciones con los donantes, emitir recibos fiscales, etc. o con fines estad\u00edsticos, especialmente en lo que respecta a la navegaci\u00f3n en nuestro sitio web.<\/p>\n\n\n\n<h3 class=\"wp-block-heading\">Duraci\u00f3n del almacenamiento<\/h3>\n\n\n\n<p>La Orden Cartujana conserva sus datos durante el tiempo necesario para alcanzar los fines mencionados anteriormente.<\/p>\n\n\n\n<h3 class=\"wp-block-heading\">Almacenamiento y seguridad de los datos<\/h3>\n\n\n\n<p>La Orden Cartujana toma todas las medidas necesarias para preservar la seguridad de los datos personales que se le conf\u00edan. Para ello, aplica las medidas t\u00e9cnicas y organizativas necesarias para evitar, en la medida de lo posible, cualquier alteraci\u00f3n, p\u00e9rdida o acceso no autorizado a sus datos.<\/p>\n\n\n\n<p>Los datos personales se almacenan en la Uni\u00f3n Europea, en nuestro software.<\/p>\n\n\n\n<h3 class=\"wp-block-heading\">Derecho de acceso<\/h3>\n\n\n\n<p>De conformidad con la Ley francesa de Protecci\u00f3n de Datos n\u00ba 78-17 de 16 de enero de 1978 y el Reglamento General de Protecci\u00f3n de Datos 2016\/679, usted tiene derecho a acceder, rectificar, limitar y eliminar los datos que le conciernen.<\/p>\n\n\n\n<p>Puede enviar sus solicitudes por correo electr\u00f3nico: contact2@chartreuse.info. Por correo a La Grande Chartreuse, F-38380 Saint Pierre de Chartreuse, Francia.<\/p>\n\n\n\n<h3 class=\"wp-block-heading\">Consentimiento<\/h3>\n\n\n\n<p>Al utilizar nuestro sitio web, usted acepta nuestra pol\u00edtica de privacidad. En el caso de los dem\u00e1s medios de comunicaci\u00f3n, se hacen menciones en cada documento para informarle del uso que hacemos de sus datos personales y de sus derechos al respecto.<\/p>\n\n\n\n<p><em>\u00a9 1998-2021 La Orden Cartujana<\/em><\/p>\n","protected":false},"excerpt":{"rendered":"<p>Pol\u00edtica de protecci\u00f3n de datos La Orden Cartujana se compromete a tomar las medidas apropiadas para [&hellip;]<\/p>\n","protected":false},"author":1,"featured_media":0,"parent":0,"menu_order":0,"comment_status":"closed","ping_status":"closed","template":"","meta":{"footnotes":""},"class_list":["post-987","page","type-page","status-publish","hentry"],"_links":{"self":[{"href":"https:\/\/chartreux.org\/moines\/wp-json\/wp\/v2\/pages\/987","targetHints":{"allow":["GET"]}}],"collection":[{"href":"https:\/\/chartreux.org\/moines\/wp-json\/wp\/v2\/pages"}],"about":[{"href":"https:\/\/chartreux.org\/moines\/wp-json\/wp\/v2\/types\/page"}],"author":[{"embeddable":true,"href":"https:\/\/chartreux.org\/moines\/wp-json\/wp\/v2\/users\/1"}],"replies":[{"embeddable":true,"href":"https:\/\/chartreux.org\/moines\/wp-json\/wp\/v2\/comments?post=987"}],"version-history":[{"count":0,"href":"https:\/\/chartreux.org\/moines\/wp-json\/wp\/v2\/pages\/987\/revisions"}],"wp:attachment":[{"href":"https:\/\/chartreux.org\/moines\/wp-json\/wp\/v2\/media?parent=987"}],"curies":[{"name":"wp","href":"https:\/\/api.w.org\/{rel}","templated":true}]}}