{"id":6065,"date":"2021-12-15T10:07:12","date_gmt":"2021-12-15T09:07:12","guid":{"rendered":"https:\/\/chartreux.org\/moines\/?page_id=6065"},"modified":"2021-12-15T12:22:06","modified_gmt":"2021-12-15T11:22:06","slug":"livre-9","status":"publish","type":"page","link":"https:\/\/chartreux.org\/moines\/statuts\/livre-9\/","title":{"rendered":"Livre 9"},"content":{"rendered":"\n<h2 class=\"wp-block-heading\">Livre 9&nbsp;: Sacrements et suffrages<\/h2>\n\n\n\n<h3 class=\"wp-block-heading\" id=\"c62\">Chapitre 62<\/h3>\n\n\n\n<hr class=\"wp-block-separator\"\/>\n\n\n\n<p>Les sacrements<a href=\"\/moines\/statuts\/livre-6#c54\">\u00ab<\/a><a href=\"#c65\" data-type=\"internal\" data-id=\"#c65\">\u00bb<\/a><\/p>\n\n\n\n<h4 class=\"wp-block-heading\">La P\u00e9nitence<\/h4>\n\n\n\n<p>Dans le sacrement de P\u00e9nitence, Dieu notre P\u00e8re nous montre sa mis\u00e9ricorde&nbsp;; par le myst\u00e8re pascal de son Fils, il nous r\u00e9concilie dans l&rsquo;Esprit, avec lui, avec l&rsquo;\u00c9glise et avec nous-m\u00eames. Nous exhortons donc tous les chartreux \u00e0 fr\u00e9quenter ce sacrement gr\u00e2ce auquel la conversion du coeur, but propre du moine, s&rsquo;ins\u00e8re dans le myst\u00e8re de la mort et de la r\u00e9surrection du Christ.<\/p>\n\n\n\n<p>Le prieur est tenu de d\u00e9signer quelques moines parmi les plus judicieux pour entendre les confessions des autres.<\/p>\n\n\n\n<p>En outre, toute personne de l&rsquo;Ordre peut, pour la tranquillit\u00e9 de sa conscience, se confesser validement et licitement aupr\u00e8s de n&rsquo;importe quel confesseur muni des pouvoirs n\u00e9cessaires.<\/p>\n\n\n\n<p>Nous devons \u00e9viter autant que possible la confession des personnes \u00e9trang\u00e8res \u00e0 notre Ordre&nbsp;; il n&rsquo;est jamais permis de confesser les femmes.<\/p>\n\n\n\n<h3 class=\"wp-block-heading\" id=\"c65\">Chapitre 65<\/h3>\n\n\n\n<hr class=\"wp-block-separator\"\/>\n\n\n\n<p>Les suffrages<a href=\"#c62\">\u00ab<\/a><\/p>\n\n\n\n<p>Puisque nous sommes membres les uns des autres, il convient que nous prenions sur nous, dans la pri\u00e8re, les fardeaux de nos fr\u00e8res humains.<\/p>\n\n\n\n<p>( R\u00e9sum\u00e9 des personnes pour lesquelles nous acquitons des suffrages&nbsp;: )<\/p>\n\n\n\n<h4 class=\"wp-block-heading\">Pour nos sup\u00e9rieurs<\/h4>\n\n\n\n<p>Pour&nbsp;<strong><em>le Pape<\/em><\/strong>.<\/p>\n\n\n\n<p>Pour&nbsp;<strong><em>le R\u00e9v\u00e9rend P\u00e8re<\/em><\/strong>&nbsp;prieur de Chartreuse, Ministre g\u00e9n\u00e9ral de l&rsquo;Ordre et notre commun pasteur.<\/p>\n\n\n\n<p>Pour&nbsp;<strong><em>le procureur g\u00e9n\u00e9ral<\/em><\/strong>.<\/p>\n\n\n\n<p>Pour&nbsp;<strong><em>les visiteurs<\/em><\/strong>.<\/p>\n\n\n\n<p>Pour&nbsp;<strong><em>le prieur<\/em><\/strong>.<\/p>\n\n\n\n<h4 class=\"wp-block-heading\">Pour nos familles et nos bienfaiteurs lors du d\u00e9c\u00e8s<\/h4>\n\n\n\n<h4 class=\"wp-block-heading\">Pour l&rsquo;\u00c9glise universelle et pour l&rsquo;Ordre<\/h4>\n\n\n\n<ol class=\"wp-block-list\"><li>Pour le Pape, notre saint P\u00e8re dans le Christ.<\/li><li>Pour l&rsquo;unit\u00e9 de notre Ordre.<\/li><li>Pour demander le secours du ciel afin que tous les hommes soient r\u00e9unis dans l&rsquo;unique \u00c9glise du Christ.<\/li><li>Pour la paix et la tranquillit\u00e9 de tous les pays et pour ceux qui sont \u00e0 leur t\u00eate.<\/li><li>Pour ceux qui gouvernent le pays o\u00f9 se trouve chaque maison de l&rsquo;Ordre.<\/li><\/ol>\n\n\n\n<ol class=\"wp-block-list\"><li>Pour l&rsquo;\u00e9v\u00eaque de chaque maison.<\/li><li>Pour les membres de l&rsquo;Ordre qui sont en danger spirituel ou corporel, afin d&rsquo;obtenir leur consolation.<\/li><li>Pour tous nos bienfaiteurs, nos familles, les personnes recommand\u00e9es \u00e0 notre pri\u00e8re et les amis de toutes les personnes de l&rsquo;Ordre, ainsi que pour ceux envers qui nous avons des obligations.<\/li><\/ol>\n\n\n\n<h4 class=\"wp-block-heading\">Autres suffrages pour les d\u00e9funts<\/h4>\n\n\n\n<ul class=\"wp-block-list\"><li>l&rsquo;un pour tous les d\u00e9funts du purgatoire<\/li><li>l&rsquo;autre pour nos parents et bienfaiteurs, pour les personnes recommand\u00e9es \u00e0 notre pri\u00e8re, pour les amis de toutes les personnes de l&rsquo;Ordre, pour ceux qui ont re\u00e7u participation aux suffrages de l&rsquo;Ordre et ceux envers qui nous avons des obligations.<\/li><\/ul>\n\n\n\n<p>Nous acquittons ainsi de nombreux suffrages pour des personnes d\u00e9termin\u00e9es, mais nous croyons que toutes nos pri\u00e8res, par la mis\u00e9ricorde du Seigneur, sont utiles avant tout \u00e0 l&rsquo;\u00c9glise universelle, pour la louange de la gloire de Dieu.<\/p>\n","protected":false},"excerpt":{"rendered":"<p>Livre 9&nbsp;: Sacrements et suffrages Chapitre 62 Les sacrements\u00ab\u00bb La P\u00e9nitence Dans le sacrement de P\u00e9nitence, [&hellip;]<\/p>\n","protected":false},"author":5,"featured_media":0,"parent":6049,"menu_order":0,"comment_status":"closed","ping_status":"closed","template":"","meta":{"footnotes":""},"class_list":["post-6065","page","type-page","status-publish","hentry"],"_links":{"self":[{"href":"https:\/\/chartreux.org\/moines\/wp-json\/wp\/v2\/pages\/6065","targetHints":{"allow":["GET"]}}],"collection":[{"href":"https:\/\/chartreux.org\/moines\/wp-json\/wp\/v2\/pages"}],"about":[{"href":"https:\/\/chartreux.org\/moines\/wp-json\/wp\/v2\/types\/page"}],"author":[{"embeddable":true,"href":"https:\/\/chartreux.org\/moines\/wp-json\/wp\/v2\/users\/5"}],"replies":[{"embeddable":true,"href":"https:\/\/chartreux.org\/moines\/wp-json\/wp\/v2\/comments?post=6065"}],"version-history":[{"count":0,"href":"https:\/\/chartreux.org\/moines\/wp-json\/wp\/v2\/pages\/6065\/revisions"}],"up":[{"embeddable":true,"href":"https:\/\/chartreux.org\/moines\/wp-json\/wp\/v2\/pages\/6049"}],"wp:attachment":[{"href":"https:\/\/chartreux.org\/moines\/wp-json\/wp\/v2\/media?parent=6065"}],"curies":[{"name":"wp","href":"https:\/\/api.w.org\/{rel}","templated":true}]}}