{"id":4737,"date":"2021-09-15T21:25:26","date_gmt":"2021-09-15T19:25:26","guid":{"rendered":"https:\/\/chartreux.org\/moines\/?page_id=4737"},"modified":"2025-07-27T11:12:52","modified_gmt":"2025-07-27T09:12:52","slug":"ritiri","status":"publish","type":"page","link":"https:\/\/chartreux.org\/moines\/it\/risorse\/ritiri\/","title":{"rendered":"Ritiri"},"content":{"rendered":"\n<p>Solo i candidati alla vita certosina possono fare un ritiro all&rsquo;interno di uno dei nostri monasteri, previo accordo con il maestro dei novizi della casa (vedi dettagli sotto).<\/p>\n\n\n\n<h3 class=\"wp-block-heading\">Ritiri Spirituali<\/h3>\n\n\n\n<p>La vocazione alla vita solitaria non ci permette di ricevere in ritiro nel monastero coloro che cercano solo un&rsquo;oasi spirituale. Ma ora c&rsquo;\u00e8 una possibilit\u00e0 per i laici che vogliono fare un ritiro nello spirito di San Bruno e in un&rsquo;atmosfera certosina.<\/p>\n\n\n\n<h4 class=\"wp-block-heading\">Maison St Bruno (antica Certosa di S\u00e9lignac, Francia)<\/h4>\n\n\n<div class=\"wp-block-image\">\n<figure class=\"alignleft size-large is-resized\"><img decoding=\"async\" width=\"1024\" height=\"1024\" src=\"https:\/\/chartreux.org\/moines\/wp-content\/uploads\/2021\/05\/FullSizeRender_4-1024x1024.jpg\" alt=\"\" class=\"wp-image-3558\" style=\"width:279px;height:279px\" srcset=\"https:\/\/chartreux.org\/moines\/wp-content\/uploads\/2021\/05\/FullSizeRender_4-1024x1024.jpg 1024w, https:\/\/chartreux.org\/moines\/wp-content\/uploads\/2021\/05\/FullSizeRender_4-300x300.jpg 300w, https:\/\/chartreux.org\/moines\/wp-content\/uploads\/2021\/05\/FullSizeRender_4-150x150.jpg 150w, https:\/\/chartreux.org\/moines\/wp-content\/uploads\/2021\/05\/FullSizeRender_4-768x768.jpg 768w, https:\/\/chartreux.org\/moines\/wp-content\/uploads\/2021\/05\/FullSizeRender_4.jpg 1280w\" sizes=\"(max-width: 1024px) 100vw, 1024px\" \/><\/figure>\n<\/div>\n\n\n<p>Alcuni vedranno nella creazione della Casa San Bruno, gestita simultaneamente dall&rsquo;Ordine Certosino e dalla diocesi di Belley-Ars, un segno della Provvidenza e persino una grazia speciale ricevuta da Dio sotto forma di un battito di ciglia da San Bruno ai suoi amici laici, poich\u00e9 l&rsquo;idea di questa Casa, una novit\u00e0 nella storia certosina, fu presentata e accettata &lsquo;ad experimentum&rsquo; dal Capitolo generale del 2001, anno del <a href=\"https:\/\/chartreux.org\/it\/testi\/messagio-padre-2001.php\" data-type=\"URL\">nono centenario della morte di Saint Bruno<\/a> (6 ottobre 1101 &#8211; 2001). Questa casa pu\u00f2 ricevere uomini e donne che desiderano vivere un ritiro in una cella certosina. Il ritmo generale della vita in questa casa \u00e8 il pi\u00f9 vicino possibile a quello della certosa. Per maggiori dettagli vedere il sito <a href=\"http:\/\/selignac.chartreux.org\/\">http:\/\/selignac.chartreux.org<\/a><\/p>\n\n\n\n<figure class=\"wp-block-embed is-type-video is-provider-vimeo wp-block-embed-vimeo wp-embed-aspect-16-9 wp-has-aspect-ratio\"><div class=\"wp-block-embed__wrapper\">\n<iframe src=\"https:\/\/player.vimeo.com\/video\/1015410107?dnt=1&amp;app_id=122963\" width=\"680\" height=\"383\" frameborder=\"0\" allow=\"autoplay; fullscreen; picture-in-picture; clipboard-write; encrypted-media; web-share\" referrerpolicy=\"strict-origin-when-cross-origin\"><\/iframe>\n<\/div><\/figure>\n\n\n\n<h3 class=\"wp-block-heading\">Ritiri di discernimento alla vita certosina<\/h3>\n\n\n\n<p>Come detto sopra, in coerenza con la nostra vocazione eremitica, possiamo accettare nel ritiro solo i candidati che pensano ad una possibile vocazione certosina. Un minimo di discernimento deve essere fatto prima, per assicurarsi che tale esperienza sia opportuna.<\/p>\n\n\n\n<p>Se desideri esplorare la possibilit\u00e0 di una tale vocazione, la prima cosa sarebbe parlare con il tuo padre spirituale, se ne hai uno. Il suo accordo non \u00e8 obbligatorio, ma \u00e8 meglio quando \u00e8 possibile. Poi dovresti scrivere a una casa, cercando di farti conoscere a sufficienza, cio\u00e8 dando informazioni sulla tua et\u00e0, i tuoi studi, la tua situazione familiare ed eventualmente la tua situazione professionale. Inoltre, e soprattutto, dica qualcosa sul suo cammino spirituale e sul suo approccio alla vita religiosa (da quanto tempo ci pensa, ha avuto contatti con altri monasteri, ecc.), e alla Certosa (come ne \u00e8 venuto a conoscenza, perch\u00e9 ne \u00e8 attratto, ecc.) Dovete sapere che il limite di et\u00e0 per gli uomini \u00e8 di 45 anni.<\/p>\n\n\n\n<p>Per coloro che hanno difficolt\u00e0 a farlo per iscritto, e che vivono relativamente vicini, \u00e8 possibile venire mezza giornata al monastero per parlare direttamente con il maestro dei novizi. Se c&rsquo;\u00e8 qualche altra difficolt\u00e0, spiegate la situazione e vedremo cosa si pu\u00f2 fare.<\/p>\n\n\n\n<p>Vorremmo anche poter contattare un sacerdote o un religioso che vi conosca bene e che possa confermare la seriet\u00e0 della vostra intenzione. Se siete stati seguiti per qualche tempo da un padre spirituale, sarebbe meglio se poteste darci il suo indirizzo o una sua lettera. Tuttavia, questa non \u00e8 una condizione rigorosa, poich\u00e9 non tutti hanno un padre spirituale.<\/p>\n\n\n\n<p>Se, dopo questa prima fase, un ritiro sembra desiderabile, sono possibili due scenari:<\/p>\n\n\n\n<ul class=\"wp-block-list f2j\">\n<li>Se quello che volete \u00e8 un semplice primo contatto, si potrebbe proporre un ritiro di una settimana, ma \u00e8 un tempo troppo breve per entrare nella vita certosina o per permettervi di prendere una decisione.<\/li>\n\n\n\n<li>Se vuoi un vero ritiro di discernimento (cio\u00e8 rispondere alla domanda: \u00e8 la mia vocazione o no?), devi mettere da parte circa tre settimane. Non chiediamo nulla per questi ritiri, ma dovete pagare il vostro viaggio da e per il ritiro. I dettagli saranno comunicati dalla casa che avete contattato.<\/li>\n<\/ul>\n\n\n\n<p>Qui si pone spesso la seguente domanda: quale casa scegliere? Normalmente i candidati vengono indirizzati verso una casa nella propria area culturale, proprio per facilitare l&rsquo;inserimento. Ogni comunit\u00e0 ha la sua fisionomia, ma in ciascuna delle nostre case l&rsquo;essenziale della vita certosina \u00e8 vissuto in modo simile. Ci sono, tuttavia, alcune differenze. In alcune case europee, come La Valsainte, Marienau o La Grande Certosa, la salmodia \u00e8 in latino. A Farneta e Porta Coeli c&rsquo;\u00e8 un uso limitato del vernacolo. In altre si canta in vernacolo. Ma tutte le case dei monaci seguono la stessa regola e le differenze non sono marcate. Poich\u00e9 le case non sono molte e non tutte le principali lingue del mondo sono rappresentate, gli stranieri sono ricevuti in tutte le case. Poich\u00e9 il francese \u00e8 la lingua ufficiale dell&rsquo;Ordine, \u00e8 spesso conosciuto nelle altre case.<\/p>\n\n\n\n<p>Attualmente le due case di lingua italiana hanno il loro noviziato: Serra San Bruno (Calabria) e Farneta (Toscana).<\/p>\n\n\n\n<h3 class=\"wp-block-heading\">Ritiri di discernimento per candidati di paesi lontani<\/h3>\n\n\n\n<p>Per i candidati europei, non ci sono particolari difficolt\u00e0 se scelgono una casa italiana o europea. Per i candidati non europei che desiderano vivere la loro vita monastica in Europa, invece, ci sono condizioni particolari, perch\u00e9 l&rsquo;ingresso nell&rsquo;Unione Europea non \u00e8 sempre facile; dipende molto dal paese di origine. Quelli che vengono da paesi lontani devono fare un discernimento preliminare molto pi\u00f9 approfondito.<\/p>\n\n\n\n<p>I candidati dovranno pagare il proprio viaggio da e per la Certosa per fare l&rsquo;esperienza. I requisiti per l&rsquo;ingresso variano da paese a paese, quindi dovreste chiedere alla certosa che avete contattato le condizioni attuali (che spesso cambiano). Per un ritiro di discernimento, \u00e8 generalmente sufficiente ottenere un visto turistico (quando richiesto), ma non per l&rsquo;ingresso permanente nel monastero, per il quale \u00e8 pi\u00f9 spesso richiesto un visto a lungo termine, che vi permetter\u00e0 di fare i passi necessari per ottenere un permesso di soggiorno permanente. Questo richiede anche un documento ufficiale del monastero, una prova di alloggio.<\/p>\n\n\n\n<p>Il monastero non pu\u00f2 coprire le spese di viaggio per i candidati che desiderano fare un ritiro di discernimento e non hanno mezzi sufficienti; queste sono spesso elevate e il pi\u00f9 delle volte sarebbe inutile, poich\u00e9 solo un piccolo numero di candidati decide poi di entrare in postulato. Ma se il caso lo merita, pu\u00f2 essere possibile trovare una soluzione parziale.<\/p>\n\n\n\n<p>Si potrebbe quindi riassumere come segue:<\/p>\n\n\n\n<ol class=\"wp-block-list\">\n<li>Sostenere le spese di viaggio.<\/li>\n\n\n\n<li>Ottenere un visto (se richiesto). Si tratta spesso di un lungo lavoro d&rsquo;ufficio.<\/li>\n<\/ol>\n\n\n\n<p><\/p>\n","protected":false},"excerpt":{"rendered":"<p>Solo i candidati alla vita certosina possono fare un ritiro all&rsquo;interno di uno dei nostri monasteri, [&hellip;]<\/p>\n","protected":false},"author":1,"featured_media":0,"parent":4895,"menu_order":2,"comment_status":"closed","ping_status":"closed","template":"template-full-width.php","meta":{"footnotes":""},"class_list":["post-4737","page","type-page","status-publish","hentry"],"_links":{"self":[{"href":"https:\/\/chartreux.org\/moines\/wp-json\/wp\/v2\/pages\/4737","targetHints":{"allow":["GET"]}}],"collection":[{"href":"https:\/\/chartreux.org\/moines\/wp-json\/wp\/v2\/pages"}],"about":[{"href":"https:\/\/chartreux.org\/moines\/wp-json\/wp\/v2\/types\/page"}],"author":[{"embeddable":true,"href":"https:\/\/chartreux.org\/moines\/wp-json\/wp\/v2\/users\/1"}],"replies":[{"embeddable":true,"href":"https:\/\/chartreux.org\/moines\/wp-json\/wp\/v2\/comments?post=4737"}],"version-history":[{"count":1,"href":"https:\/\/chartreux.org\/moines\/wp-json\/wp\/v2\/pages\/4737\/revisions"}],"predecessor-version":[{"id":7222,"href":"https:\/\/chartreux.org\/moines\/wp-json\/wp\/v2\/pages\/4737\/revisions\/7222"}],"up":[{"embeddable":true,"href":"https:\/\/chartreux.org\/moines\/wp-json\/wp\/v2\/pages\/4895"}],"wp:attachment":[{"href":"https:\/\/chartreux.org\/moines\/wp-json\/wp\/v2\/media?parent=4737"}],"curies":[{"name":"wp","href":"https:\/\/api.w.org\/{rel}","templated":true}]}}