{"id":2031,"date":"2021-03-09T14:05:23","date_gmt":"2021-03-09T13:05:23","guid":{"rendered":"https:\/\/chartreux.org\/moines\/?page_id=2031"},"modified":"2022-01-03T20:54:03","modified_gmt":"2022-01-03T19:54:03","slug":"san-bruno","status":"publish","type":"page","link":"https:\/\/chartreux.org\/moines\/it\/san-bruno\/","title":{"rendered":"San Bruno"},"content":{"rendered":"\n<div class=\"wp-block-columns is-layout-flex wp-container-core-columns-is-layout-9d6595d7 wp-block-columns-is-layout-flex\">\n<div class=\"wp-block-column is-layout-flow wp-block-column-is-layout-flow\">\n<p><\/p>\n<div id=\"toc_container\">\n<ul class=\"toc_list\">\n  <li><a href=\"#bruno_cologne\">1. Colonia e Reims<\/a><\/li>\n  <li><a href=\"#bruno_chartreuse\">2. Certosa<\/a><\/li>\n  <li><a href=\"#vie_en_chartreuse\">3. La vita nella certosa<\/a><\/li>\n  <li><a href=\"#bruno_rome\">4. Roma<\/a><\/li>\n  <li><a href=\"#bruno_calabre\">5. Calabria<\/a><\/li>\n  <li><a href=\"#bruno_mort\">6. Morte e glorificazione<\/a><\/li>\n<\/ul>\n<\/div>\n<\/div>\n\n\n\n<div class=\"wp-block-column is-vertically-aligned-top is-layout-flow wp-block-column-is-layout-flow\">\n<div class=\"wp-block-image is-style-default\"><figure class=\"aligncenter size-large\"><img decoding=\"async\" width=\"603\" height=\"678\" src=\"https:\/\/chartreux.org\/moines\/wp-content\/uploads\/2021\/04\/Bruno_Pereira-MF.jpg\" alt=\"\" class=\"wp-image-2774\" srcset=\"https:\/\/chartreux.org\/moines\/wp-content\/uploads\/2021\/04\/Bruno_Pereira-MF.jpg 603w, https:\/\/chartreux.org\/moines\/wp-content\/uploads\/2021\/04\/Bruno_Pereira-MF-267x300.jpg 267w\" sizes=\"(max-width: 603px) 100vw, 603px\" \/><figcaption><em>San Bruno<\/em>, M. Pereira (c1650 circa)<br>Certosa di Miraflores, Spagna<\/figcaption><\/figure><\/div>\n<\/div>\n<\/div>\n\n\n\n<h2 class=\"wp-block-heading\" id=\"bruno_cologne\">Colonia e Reims<\/h2>\n\n\n\n<p id=\"_2\">Maestro Bruno era di stirpe germanica<span id='easy-footnote-1-2031' class='easy-footnote-margin-adjust'><\/span><span class='easy-footnote'><a href='https:\/\/chartreux.org\/moines\/it\/san-bruno\/#easy-footnote-bottom-1-2031' title='Cronaca Magister.'><sup>1<\/sup><\/a><\/span>. Nacque intorno al 1030 da genitori rinomati, nell&rsquo;illustre citt\u00e0 di Colonia<span id='easy-footnote-2-2031' class='easy-footnote-margin-adjust'><\/span><span class='easy-footnote'><a href='https:\/\/chartreux.org\/moines\/it\/san-bruno\/#easy-footnote-bottom-2-2031' title='Idem.'><sup>2<\/sup><\/a><\/span>. Ancora giovane fu canonico della chiesa di San Cuniberto. Spostatosi presto a Reims, vi studi\u00f2 nella famosa scuola cattedrale, che al tempo vantava l\u2019insegnamento del dotto Gerberto d&rsquo;Aurillac, poi Papa Silvestro II. Ricevette cos\u00ec una solida educazione sia nella letteratura sacra, che in quella profana<span id='easy-footnote-3-2031' class='easy-footnote-margin-adjust'><\/span><span class='easy-footnote'><a href='https:\/\/chartreux.org\/moines\/it\/san-bruno\/#easy-footnote-bottom-3-2031' title='Idem.'><sup>3<\/sup><\/a><\/span>.<\/p>\n\n\n\n<p>Divenuto canonico della celebre cattedrale &#8211; Reims si distingueva infatti tra tutte le chiese della Gallia &#8211;<span id='easy-footnote-4-2031' class='easy-footnote-margin-adjust'><\/span><span class='easy-footnote'><a href='https:\/\/chartreux.org\/moines\/it\/san-bruno\/#easy-footnote-bottom-4-2031' title='Idem.'><sup>4<\/sup><\/a><\/span>, nel 1056 Bruno ne fu nominato rettore della scuola, ufficio che ricopr\u00ec per oltre vent&rsquo;anni. Qui conquist\u00f2 ampia stima per l\u2019erudizione, le qualit\u00e0 pedagogiche ed il tratto profondamente umano verso gli allievi.<\/p>\n\n\n\n<p>Nel 1069, venne eletto arcivescovo di Reims Manasse di Gournay, personalit\u00e0 assai corrotta e avida di beni temporali, specialmente di quelli su cui non aveva alcun diritto. Inizi\u00f2 cos\u00ec un\u2019annosa lotta tra alcuni canonici di animo integro &#8211; tra cui Bruno &#8211; e Manasse. Gregorio VII vi pose fine nel dicembre 1080, deponendo l&rsquo;arcivescovo ed ordinando che fosse estromesso e sostituito.<\/p>\n\n\n\n<p>Maestro di eminente onest\u00e0 della chiesa de Reims<span id='easy-footnote-5-2031' class='easy-footnote-margin-adjust'><\/span><span class='easy-footnote'><a href='https:\/\/chartreux.org\/moines\/it\/san-bruno\/#easy-footnote-bottom-5-2031' title='Hugo de Die, Epistola ad papam, PL 148, 745.'><sup>5<\/sup><\/a><\/span> e per avere sofferto persecuzioni per il nome di Ges\u00f9, Bruno era uno dei candidati pi\u00f9 in vista al seggio episcopale<span id='easy-footnote-6-2031' class='easy-footnote-margin-adjust'><\/span><span class='easy-footnote'><a href='https:\/\/chartreux.org\/moines\/it\/san-bruno\/#easy-footnote-bottom-6-2031' title='Idem.'><sup>6<\/sup><\/a><\/span>. Era per\u00f2 giunto per lui il momento di rispondere ad una chiamata pi\u00f9 alta e di lasciare il mondo.<\/p>\n\n\n\n<h2 class=\"wp-block-heading\" id=\"bruno_chartreuse\">Certosa<\/h2>\n\n\n\n<p>Fu allora che abbandon\u00f2 gli onori del suo ufficio, le false attrattive e le ricchezze effimere di questo mondo: ardendo di amore divino, lasci\u00f2 le ombre fugaci del secolo, per cercare i beni eterni e ricevere l&rsquo;abito monastico<span id='easy-footnote-7-2031' class='easy-footnote-margin-adjust'><\/span><span class='easy-footnote'><a href='https:\/\/chartreux.org\/moines\/it\/san-bruno\/#easy-footnote-bottom-7-2031' title='San Bruno, Lettera a Rodolfo il Verde, \u00a7 13.'><sup>7<\/sup><\/a><\/span>.<\/p>\n\n\n\n<p>Nel giugno del 1084, il giovane vescovo Ugo di Grenoble ricevette maestro Bruno. Egli aveva come compagni maestro Landuino, che gli succedette alla guida di Certosa; i due Stefano, quello di Bourg e quello di Die &#8211; canonici di San Rufo che con il permesso del loro abate, si erano uniti a Bruno, desiderosi anch\u2019essi di condurre vita solitaria; Ugo, chiamato il cappellano, perch\u00e9 era l&rsquo;unico tra loro ad essere sacerdote; e due laici, o conversi, Andrea e Guerino. Bruno e i suoi compagni erano in ricerca di un posto adatto alla vita eremitica, non avendone ancora trovato uno.&nbsp;<\/p>\n\n\n\n<p>Acceso di questa speranza, il piccolo gruppo si rivolse al vescovo Ugo, assai noto per la santit\u00e0 di vita. Questi ricevette i sette compagni con gioia e grande rispetto, discutendone insieme i progetti ed esaudendo i loro desideri. Su suo consiglio, con il suo aiuto ed in sua compagnia, raggiunsero il deserto di Certosa, e qui costruirono un monastero. <\/p>\n\n\n\n<p>Poco tempo prima, infatti, Ugo aveva visto in sogno Dio stabilire in quel deserto una dimora per la propria gloria; aveva anche visto sette stelle indicare la via. Ora, Bruno ed i suoi compagni erano in sette; Ugo si sent\u00ec cos\u00ec spinto ad accoglierne paternamente i desideri<span id='easy-footnote-8-2031' class='easy-footnote-margin-adjust'><\/span><span class='easy-footnote'><a href='https:\/\/chartreux.org\/moines\/it\/san-bruno\/#easy-footnote-bottom-8-2031' title='Guigo I, Vita di san Hugo, \u00a7 16.'><sup>8<\/sup><\/a><\/span>.<\/p>\n\n\n\n<h2 class=\"wp-block-heading\" id=\"vie_en_chartreuse\">La vita nella certosa<\/h2>\n\n\n\n<p>Nella sua infinita bont\u00e0, Dio, che non cessa mai di provvedere alle necessit\u00e0 ed al bene della sua Chiesa aveva scelto Bruno, uomo di eminente santit\u00e0, per riportare la vita contemplativa alla sua purezza originale<span id='easy-footnote-9-2031' class='easy-footnote-margin-adjust'><\/span><span class='easy-footnote'><a href='https:\/\/chartreux.org\/moines\/it\/san-bruno\/#easy-footnote-bottom-9-2031' title='S.S. Pio XI, Umbratilem.'><sup>9<\/sup><\/a><\/span>. Con questo spirito, egli fond\u00f2 e govern\u00f2 l&rsquo;eremo di Certosa per sei anni<span id='easy-footnote-10-2031' class='easy-footnote-margin-adjust'><\/span><span class='easy-footnote'><a href='https:\/\/chartreux.org\/moines\/it\/san-bruno\/#easy-footnote-bottom-10-2031' title='Cronaca Magister.'><sup>10<\/sup><\/a><\/span>, comunicandogli profondamente il proprio spirito<span id='easy-footnote-11-2031' class='easy-footnote-margin-adjust'><\/span><span class='easy-footnote'><a href='https:\/\/chartreux.org\/moines\/it\/san-bruno\/#easy-footnote-bottom-11-2031' title='S.S. Pio XI, Umbratilem.'><sup>11<\/sup><\/a><\/span> e dandogli nella propria persona una regola vivente.<\/p>\n\n\n\n<p>San Pietro il Venerabile, illustre abate di Cluny e grande amico dei certosini, paragon\u00f2 il loro stile di vita a quello dei Padri del Deserto: <em>\u201cEssi non cessano di dedicarsi al silenzio, alla lettura, alla preghiera ed al lavoro manuale, specialmente alla copiatura dei libri. Al segnale dato dalla campana della chiesa, celebrano parte delle ore canoniche ciascuno nella propria cella. Per Mattutino e per Vespri si riuniscono tutti in chiesa. In certi giorni di festa, seguono un ritmo un poco differente&#8230; Prendono allora due pasti, cantano tutte le ore canoniche in chiesa ed insieme, senza eccezioni, consumano il pranzo in refettorio.\u201d<\/em> <span id='easy-footnote-12-2031' class='easy-footnote-margin-adjust'><\/span><span class='easy-footnote'><a href='https:\/\/chartreux.org\/moines\/it\/san-bruno\/#easy-footnote-bottom-12-2031' title='Pietro il Venerabile, Liber de Miraculis, Lib. II, ch. 27, PL 189, 943.'><sup>12<\/sup><\/a><\/span>.<\/p>\n\n\n\n<p>Di questa vita interamente dedicata a Dio e ritirata dal mondo, san Bruno ha lasciato delle immagini ardenti:<\/p>\n\n\n\n<p><em>\u00ab\u00a0Ci\u00f2 che la solitudine ed il silenzio del deserto recano di utile e di divino a coloro che li amano, lo sanno solo coloro che ne hanno fatto l&rsquo;esperienza. [&#8230;] Qui ci si applica ad acquisire quell&rsquo;occhio, il cui limpido sguardo ferisce d\u2019amore lo sposo divino, e la cui purezza fa vedere Dio.\u00a0\u00bb<\/em> <span id='easy-footnote-13-2031' class='easy-footnote-margin-adjust'><\/span><span class='easy-footnote'><a href='https:\/\/chartreux.org\/moines\/it\/san-bruno\/#easy-footnote-bottom-13-2031' title='San Bruno, Lettera a Rodolfo il Verde, \u00a7 6.'><sup>13<\/sup><\/a><\/span>.<\/p>\n\n\n\n<p><a href=\"#toc_container\" class=\"returnToTop\"> Torna all\u2019inizio! \u2191 <\/a><\/p>\n\n\n\n<h2 class=\"wp-block-heading\" id=\"bruno_rome\">Roma<\/h2>\n\n\n\n<p>Nel 1090, sei anni dopo l&rsquo;arrivo di Bruno a Certosa, accadde per\u00f2 un avvenimento assai inatteso: Papa Urbano II, suo ex allievo lo chiam\u00f2 a s\u00e9 come consigliere e collaboratore nella gestione degli affari ecclesiastici<span id='easy-footnote-14-2031' class='easy-footnote-margin-adjust'><\/span><span class='easy-footnote'><a href='https:\/\/chartreux.org\/moines\/it\/san-bruno\/#easy-footnote-bottom-14-2031' title='Cronaca Magister.'><sup>14<\/sup><\/a><\/span>. Bruno rispose in obbedienza e, con il dolore nell&rsquo;anima, lasci\u00f2 i suoi amati fratelli per recarsi alla Curia Romana<span id='easy-footnote-15-2031' class='easy-footnote-margin-adjust'><\/span><span class='easy-footnote'><a href='https:\/\/chartreux.org\/moines\/it\/san-bruno\/#easy-footnote-bottom-15-2031' title='Idem.'><sup>15<\/sup><\/a><\/span>.<\/p>\n\n\n\n<p>La piccola comunit\u00e0 di Certosa, non credendo di poter continuare senza il proprio padre, per un breve tempo si disperse. Bruno per\u00f2, incoraggiandola, pot\u00e8 farla riunire e perseverare nell\u2019ideale monastico. Tuttavia, egli non pot\u00e8 pi\u00f9 sostenere l&rsquo;agitazione e i costumi della Curia<span id='easy-footnote-16-2031' class='easy-footnote-margin-adjust'><\/span><span class='easy-footnote'><a href='https:\/\/chartreux.org\/moines\/it\/san-bruno\/#easy-footnote-bottom-16-2031' title='Idem.'><sup>16<\/sup><\/a><\/span>.<\/p>\n\n\n\n<p>Desideroso di riabbracciare la quiete e la solitudine dell&rsquo;eremo, lasci\u00f2 la corte papale. Avendo rifiutato l&rsquo;arcivescovado di Reggio, per il quale era stato nominato per volere del Papa, si ritir\u00f2 in un deserto della Calabria chiamato La Torre<span id='easy-footnote-17-2031' class='easy-footnote-margin-adjust'><\/span><span class='easy-footnote'><a href='https:\/\/chartreux.org\/moines\/it\/san-bruno\/#easy-footnote-bottom-17-2031' title='Idem.'><sup>17<\/sup><\/a><\/span>.<\/p>\n\n\n\n<h2 class=\"wp-block-heading\" id=\"bruno_calabre\">Calabria<\/h2>\n\n\n\n<p>Grazie al generoso sostegno del conte Ruggero, principe normanno di Calabria e di Sicilia, Bruno pot\u00e9 realizzare nuovamente il suo ideale di vita solitaria, trascorrendo il resto della vita come padre di un&rsquo;ampia comunit\u00e0 di monaci chierici e laici<span id='easy-footnote-18-2031' class='easy-footnote-margin-adjust'><\/span><span class='easy-footnote'><a href='https:\/\/chartreux.org\/moines\/it\/san-bruno\/#easy-footnote-bottom-18-2031' title='Idem.'><sup>18<\/sup><\/a><\/span>.<\/p>\n\n\n\n<p>In una lettera all\u2019 amico Rodolfo, notevole per lo spessore umano e spirituale, Bruno cos\u00ec descrive il nuovo eremo di Santa Maria della Torre:<\/p>\n\n\n\n<p>\u00ab\u00a0<em>Vivo con dei fratelli, alcuni dei quali uomini assai colti, in un deserto di Calabria, abbastanza distante dalle abitazioni degli uomini; qui essi, perseverando e vigilanti in una vita santa, aspettando il ritorno del loro Maestro, per aprirgli non appena busser\u00e0<\/em>\u00a0\u00bb <span id='easy-footnote-19-2031' class='easy-footnote-margin-adjust'><\/span><span class='easy-footnote'><a href='https:\/\/chartreux.org\/moines\/it\/san-bruno\/#easy-footnote-bottom-19-2031' title='San Bruno, Lettera a Rodolfo il Verde, \u00a7 4.'><sup>19<\/sup><\/a><\/span>.<\/p>\n\n\n\n<p>Landuino, priore di Certosa, gli fece visita per discutere insieme di alcune questioni di interesse comune riguardanti la loro vocazione. In questa occasione, Bruno, con sensibilit\u00e0 tutta paterna, indirizz\u00f2 una lettera agli amati figli di Certosa:<\/p>\n\n\n\n<p>\u00ab\u00a0<em>Fratello Bruno ai suoi fratelli, amati in Cristo pi\u00f9 di ogni altra cosa al mondo: saluti nel Signore. Ho appreso dai resoconti dettagliati e molto consolanti del nostro venerabile fratello Landuino, con quale inflessibile rigore perseveriate in una saggia e veramente lodevole osservanza; egli mi ha parlato del vostro santo amore, del vostro instancabile zelo per tutto ci\u00f2 che riguarda la purezza di cuore e la virt\u00f9: il mio spirito esulta per questo nel Signore. Rallegratevi dunque, fratelli miei carissimi, per la vostra sorte beata e per la generosit\u00e0 della grazia divina riversata su di voi. Rallegratevi per essere sfuggiti alle acque inquiete di questo mondo, dove abbondano i pericoli e i naufragi. Rallegratevi per avere ricevuto in sorte il tranquillo riposo e la sicurezza di un porto nascosto<\/em>\u00a0\u00bb <span id='easy-footnote-20-2031' class='easy-footnote-margin-adjust'><\/span><span class='easy-footnote'><a href='https:\/\/chartreux.org\/moines\/it\/san-bruno\/#easy-footnote-bottom-20-2031' title='San Bruno, Lettera ai suoi fratelli certosini, \u00a7 1-2.'><sup>20<\/sup><\/a><\/span>.<\/p>\n\n\n\n<p>Il fedele Landuino mor\u00ec sulla via di ritorno a Certosa, ma la lettera raggiunse i suoi destinatari.<\/p>\n\n\n\n<h2 class=\"wp-block-heading\" id=\"bruno_mort\">Morte e glorificazione<\/h2>\n\n\n\n<p>In Calabria, Bruno si dedic\u00f2 alla vita solitaria per il resto dei suoi anni. Fu l\u00ec che mor\u00ec, circa undici anni dopo aver lasciato Certosa<span id='easy-footnote-21-2031' class='easy-footnote-margin-adjust'><\/span><span class='easy-footnote'><a href='https:\/\/chartreux.org\/moines\/it\/san-bruno\/#easy-footnote-bottom-21-2031' title='Cronaca Magister.'><sup>21<\/sup><\/a><\/span>, circondato dall&rsquo;amore e dalla venerazione dei suoi figli. Come d&rsquo;uso, questi inviarono una lettera circolare a varie chiese e monasteri d&rsquo;Europa, annunciandone la morte e chiedendo suffragi in suo favore.<\/p>\n\n\n\n<p><em>\u00ab\u00a0Sapendo che era giunta la sua ora di passare da questo mondo al suo Signore e Padre, chiam\u00f2 a raccolta i suoi fratelli, passando in rassegna tutti i momenti della sua vita cominciando dall&rsquo;infanzia, e non mancando di volgere il pensiero e lo spirito agli eventi piu` cruciali del suo tempo. Profess\u00f2 poi la sua fede nella Trinit\u00e0 in un lungo e profondo discorso. La domenica seguente, il 6 ottobre dell&rsquo;anno 1101 di nostro Signore, la sua anima santa lasci\u00f2 questa carne mortale\u00a0\u00bb<\/em> <span id='easy-footnote-22-2031' class='easy-footnote-margin-adjust'><\/span><span class='easy-footnote'><a href='https:\/\/chartreux.org\/moines\/it\/san-bruno\/#easy-footnote-bottom-22-2031' title='Lettera circolare degli eremiti di Calabria.'><sup>22<\/sup><\/a><\/span>.<\/p>\n\n\n\n<p>Uomo assetato di Dio e sedotto dall&rsquo;assoluto, egli fu per\u00f2 sempre discreto. L\u2019epitaffio traccia un memorabile ritratto del suo spirito equilibrato e della sua personalit\u00e0 radiosa:<\/p>\n\n\n\n<p>\u00ab\u00a0<em>In molte cose Bruno era da lodare, ma soprattutto in questa:<\/em><br><em>Fu un uomo sempre uguale a se stesso, ed in ci\u00f2 era singolare.<\/em><br><em>Con un viso sempre in festa, la sua parola era parca.<\/em><br><em>Insieme al rigore di un padre, mostrava il cuore di una madre.<\/em><br><em>Nessuno mai lo sent\u00ec forte, ma mite, piuttosto: come un agnello.<\/em><br><em>In una parola, fu trovato un vero israelita [un uomo senza falsit\u00e0]<\/em>\u00a0\u00bb <span id='easy-footnote-23-2031' class='easy-footnote-margin-adjust'><\/span><span class='easy-footnote'><a href='https:\/\/chartreux.org\/moines\/it\/san-bruno\/#easy-footnote-bottom-23-2031' title='Tituli funebres, \u00a7 1.'><sup>23<\/sup><\/a><\/span>.<\/p>\n\n\n\n<div class=\"wp-block-image is-style-default\"><figure class=\"aligncenter size-large\"><img decoding=\"async\" width=\"586\" height=\"666\" src=\"https:\/\/chartreux.org\/moines\/wp-content\/uploads\/2021\/04\/Carducho_cor_ret.jpg\" alt=\"\" class=\"wp-image-2775\" srcset=\"https:\/\/chartreux.org\/moines\/wp-content\/uploads\/2021\/04\/Carducho_cor_ret.jpg 586w, https:\/\/chartreux.org\/moines\/wp-content\/uploads\/2021\/04\/Carducho_cor_ret-264x300.jpg 264w\" sizes=\"(max-width: 586px) 100vw, 586px\" \/><figcaption><em>San Bruno in preghiera nel deserto di Calabria<\/em>, V. Carducho (1630 circa)<br>Certosa di El Paular, Spagna<\/figcaption><\/figure><\/div>\n\n\n\n<p class=\"has-text-align-center\">*<\/p>\n\n\n\n<p>La reputazione di santit\u00e0 di maestro Bruno si era diffusa in lungo e in largo. Il fratello laico che portava il rotolo funebre pot\u00e8 infatti vedere come ovunque, in Francia, in Italia e in Inghilterra, il maestro e fondatore dei certosini fosse conosciuto e venerato. Raccolse 178 elogi o titoli funebri, la maggior parte dei quali in versi. Essi costituiscono una testimonianza preziosa della stima profonda in cui Bruno era tenuto presso i suoi contemporanei.<\/p>\n\n\n\n<p>I secoli passarono, l&rsquo;Ordine si diffuse, ed il mondo cristiano giustamente si stup\u00ec che esso non chiedesse dalla Santa Sede la canonizzazione del proprio fondatore. I certosini, infatti, si erano accontentati di seguirne le orme, ma in coerenza con la loro vita nascosta, non avevano mai richiesto un tale riconosciemnto per nessuno dei loro membri. Un&rsquo;eccezione, per\u00f2, quasi si imponeva\u2026<\/p>\n\n\n\n<p>Il Capitolo Generale dell&rsquo;Ordine del 1514, sotto la guida del Reverendo Padre Generale Dom Fran\u00e7ois du Puy, uomo brillante e colto, decise che si sarebbero intrapresi i passaggi verso tale richiesta. L&rsquo;Ordine certosino era al suo apice, contando circa 5.600 monaci e monache, sparsi per l\u2019Europa in 198 monasteri. Leone X ne accolse paternamente la richiesta. Il 19 luglio 1514, per mezzo di una cosiddetta \u00ab\u00a0canonizzazione equipollente\u00a0\u00bb (cio\u00e8 con un decreto emanato di propria autorit\u00e0, senza passare per il consueto processo di canonizzazione), autorizz\u00f2 la festa liturgica di san Bruno di Colonia. L\u2019iscrizione di Bruno nel calendario dei santi, seguita, nel 1623, dall&rsquo;estensione della festa alla Chiesa universale diedero origine ad un rinnovato interesse per la sua figura spirituale. <\/p>\n\n\n\n<p>La sua paternit\u00e0 rimane viva.<\/p>\n\n\n\n<iframe src=\"https:\/\/player.vimeo.com\/video\/660673696?h=7abffed6bb\" width=\"640\" height=\"360\" frameborder=\"0\" allow=\"autoplay; fullscreen; picture-in-picture\" allowfullscreen><\/iframe>\n\n\n\n<p class=\"has-text-align-left\">DVD  <strong>Saint Bruno, P\u00e8re des Chartreux<\/strong> (brani)<\/p>\n\n\n\n<p><a href=\"#toc_container\" class=\"returnToTop\"> Torna all\u2019inizio! \u2191 <\/a><\/p>\n","protected":false},"excerpt":{"rendered":"<p>1. Colonia e Reims 2. Certosa 3. La vita nella certosa 4. Roma 5. Calabria 6. [&hellip;]<\/p>\n","protected":false},"author":1,"featured_media":0,"parent":0,"menu_order":0,"comment_status":"closed","ping_status":"closed","template":"template-full-width.php","meta":{"footnotes":""},"class_list":["post-2031","page","type-page","status-publish","hentry"],"_links":{"self":[{"href":"https:\/\/chartreux.org\/moines\/wp-json\/wp\/v2\/pages\/2031","targetHints":{"allow":["GET"]}}],"collection":[{"href":"https:\/\/chartreux.org\/moines\/wp-json\/wp\/v2\/pages"}],"about":[{"href":"https:\/\/chartreux.org\/moines\/wp-json\/wp\/v2\/types\/page"}],"author":[{"embeddable":true,"href":"https:\/\/chartreux.org\/moines\/wp-json\/wp\/v2\/users\/1"}],"replies":[{"embeddable":true,"href":"https:\/\/chartreux.org\/moines\/wp-json\/wp\/v2\/comments?post=2031"}],"version-history":[{"count":0,"href":"https:\/\/chartreux.org\/moines\/wp-json\/wp\/v2\/pages\/2031\/revisions"}],"wp:attachment":[{"href":"https:\/\/chartreux.org\/moines\/wp-json\/wp\/v2\/media?parent=2031"}],"curies":[{"name":"wp","href":"https:\/\/api.w.org\/{rel}","templated":true}]}}